{"id":75,"date":"2022-11-10T11:28:36","date_gmt":"2022-11-10T10:28:36","guid":{"rendered":"https:\/\/soldeportocarreroies.wordpress.com\/?page_id=75"},"modified":"2025-10-27T08:44:46","modified_gmt":"2025-10-27T07:44:46","slug":"actividades-extraescolares","status":"publish","type":"page","link":"https:\/\/iessoldeportocarrero.com\/?page_id=75","title":{"rendered":"Actividades Extraescolares"},"content":{"rendered":"\n<div class=\"wp-block-columns is-layout-flex wp-container-core-columns-is-layout-9d6595d7 wp-block-columns-is-layout-flex\">\n<div class=\"wp-block-column is-layout-flow wp-block-column-is-layout-flow\">\n<h2 class=\"wp-block-heading has-text-align-center\">E.S.O Y BACHILLERATO<\/h2>\n\n\n\n<div data-wp-interactive=\"core\/file\" class=\"wp-block-file\"><object data-wp-bind--hidden=\"!state.hasPdfPreview\" hidden class=\"wp-block-file__embed\" data=\"https:\/\/iessoldeportocarrero.com\/wp-content\/uploads\/2025\/10\/ACTIVIDADES-EXTRAESCOLARES-2526-DEFINITIVA.pdf\" type=\"application\/pdf\" style=\"width:100%;height:600px\" aria-label=\"Incrustado de ACTIVIDADES EXTRAESCOLARES 25,26 DEFINITIVA.\"><\/object><a id=\"wp-block-file--media-8ed189b2-6bcd-4bd7-bbf6-058a2d3b9003\" href=\"https:\/\/iessoldeportocarrero.com\/wp-content\/uploads\/2025\/10\/ACTIVIDADES-EXTRAESCOLARES-2526-DEFINITIVA.pdf\">ACTIVIDADES EXTRAESCOLARES 25,26 DEFINITIVA<\/a><a href=\"https:\/\/iessoldeportocarrero.com\/wp-content\/uploads\/2025\/10\/ACTIVIDADES-EXTRAESCOLARES-2526-DEFINITIVA.pdf\" class=\"wp-block-file__button wp-element-button\" download aria-describedby=\"wp-block-file--media-8ed189b2-6bcd-4bd7-bbf6-058a2d3b9003\">Descarga<\/a><\/div>\n<\/div>\n\n\n\n<div class=\"wp-block-column is-layout-flow wp-block-column-is-layout-flow\">\n<h2 class=\"wp-block-heading has-text-align-center\">CICLOS FORMATIVOS<\/h2>\n\n\n\n<div data-wp-interactive=\"core\/file\" class=\"wp-block-file\"><object data-wp-bind--hidden=\"!state.hasPdfPreview\" hidden class=\"wp-block-file__embed\" data=\"https:\/\/iessoldeportocarrero.com\/wp-content\/uploads\/2025\/10\/ACTIVIDADES-EXTRAESCOLARES-Y-COMPLEMENTARIAS-CICLOS-FORMATIVOS-CURSO-2526.pdf\" type=\"application\/pdf\" style=\"width:100%;height:600px\" aria-label=\"Incrustado de ACTIVIDADES EXTRAESCOLARES Y COMPLEMENTARIAS CICLOS FORMATIVOS CURSO 25,26.\"><\/object><a id=\"wp-block-file--media-c8754852-c2d7-4164-aced-586739985a84\" href=\"https:\/\/iessoldeportocarrero.com\/wp-content\/uploads\/2025\/10\/ACTIVIDADES-EXTRAESCOLARES-Y-COMPLEMENTARIAS-CICLOS-FORMATIVOS-CURSO-2526.pdf\">ACTIVIDADES EXTRAESCOLARES Y COMPLEMENTARIAS CICLOS FORMATIVOS CURSO 25,26<\/a><a href=\"https:\/\/iessoldeportocarrero.com\/wp-content\/uploads\/2025\/10\/ACTIVIDADES-EXTRAESCOLARES-Y-COMPLEMENTARIAS-CICLOS-FORMATIVOS-CURSO-2526.pdf\" class=\"wp-block-file__button wp-element-button\" download aria-describedby=\"wp-block-file--media-c8754852-c2d7-4164-aced-586739985a84\">Descarga<\/a><\/div>\n<\/div>\n<\/div>\n\n\n\n<p><\/p>\n","protected":false},"excerpt":{"rendered":"<p>E.S.O Y BACHILLERATO CICLOS FORMATIVOS<\/p>\n","protected":false},"author":1,"featured_media":697,"parent":35,"menu_order":0,"comment_status":"closed","ping_status":"closed","template":"","meta":{"footnotes":""},"class_list":["post-75","page","type-page","status-publish","has-post-thumbnail","hentry"],"yoast_head":"<!-- This site is optimized with the Yoast SEO plugin v19.14 - https:\/\/yoast.com\/wordpress\/plugins\/seo\/ -->\n<title>Actividades Extraescolares - IES SOL DE PORTOCARRERO - LA LABORAL<\/title>\n<meta name=\"robots\" content=\"index, follow, max-snippet:-1, max-image-preview:large, max-video-preview:-1\" \/>\n<link rel=\"canonical\" href=\"https:\/\/iessoldeportocarrero.com\/?page_id=75\" \/>\n<meta property=\"og:locale\" content=\"es_ES\" \/>\n<meta property=\"og:type\" content=\"article\" \/>\n<meta property=\"og:title\" content=\"Actividades Extraescolares - IES SOL DE PORTOCARRERO - LA LABORAL\" \/>\n<meta property=\"og:description\" content=\"E.S.O Y BACHILLERATO CICLOS FORMATIVOS\" \/>\n<meta property=\"og:url\" content=\"https:\/\/iessoldeportocarrero.com\/?page_id=75\" \/>\n<meta property=\"og:site_name\" content=\"IES SOL DE PORTOCARRERO - LA LABORAL\" \/>\n<meta property=\"article:modified_time\" content=\"2025-10-27T07:44:46+00:00\" \/>\n<meta property=\"og:image\" content=\"https:\/\/iessoldeportocarrero.com\/wp-content\/uploads\/2023\/01\/bus-300x225-1.jpg\" \/>\n\t<meta property=\"og:image:width\" content=\"300\" \/>\n\t<meta property=\"og:image:height\" content=\"225\" \/>\n\t<meta property=\"og:image:type\" content=\"image\/jpeg\" \/>\n<meta name=\"twitter:card\" content=\"summary_large_image\" \/>\n<meta name=\"twitter:label1\" content=\"Tiempo de lectura\" \/>\n\t<meta name=\"twitter:data1\" content=\"1 minuto\" \/>\n<script type=\"application\/ld+json\" class=\"yoast-schema-graph\">{\"@context\":\"https:\/\/schema.org\",\"@graph\":[{\"@type\":\"WebPage\",\"@id\":\"https:\/\/iessoldeportocarrero.com\/?page_id=75\",\"url\":\"https:\/\/iessoldeportocarrero.com\/?page_id=75\",\"name\":\"Actividades Extraescolares - IES SOL DE PORTOCARRERO - LA LABORAL\",\"isPartOf\":{\"@id\":\"https:\/\/iessoldeportocarrero.com\/#website\"},\"datePublished\":\"2022-11-10T10:28:36+00:00\",\"dateModified\":\"2025-10-27T07:44:46+00:00\",\"breadcrumb\":{\"@id\":\"https:\/\/iessoldeportocarrero.com\/?page_id=75#breadcrumb\"},\"inLanguage\":\"es\",\"potentialAction\":[{\"@type\":\"ReadAction\",\"target\":[\"https:\/\/iessoldeportocarrero.com\/?page_id=75\"]}]},{\"@type\":\"BreadcrumbList\",\"@id\":\"https:\/\/iessoldeportocarrero.com\/?page_id=75#breadcrumb\",\"itemListElement\":[{\"@type\":\"ListItem\",\"position\":1,\"name\":\"Home\",\"item\":\"https:\/\/iessoldeportocarrero.com\/\"},{\"@type\":\"ListItem\",\"position\":2,\"name\":\"Curso Escolar\",\"item\":\"https:\/\/iessoldeportocarrero.com\/?page_id=35\"},{\"@type\":\"ListItem\",\"position\":3,\"name\":\"Actividades Extraescolares\"}]},{\"@type\":\"WebSite\",\"@id\":\"https:\/\/iessoldeportocarrero.com\/#website\",\"url\":\"https:\/\/iessoldeportocarrero.com\/\",\"name\":\"IES SOL DE PORTOCARRERO - LA LABORAL\",\"description\":\"INSTITUTO DE EDUCACI\u00d3N SECUNDARIA Y FORMACI\u00d3N PROFESIONAL\",\"potentialAction\":[{\"@type\":\"SearchAction\",\"target\":{\"@type\":\"EntryPoint\",\"urlTemplate\":\"https:\/\/iessoldeportocarrero.com\/?s={search_term_string}\"},\"query-input\":\"required name=search_term_string\"}],\"inLanguage\":\"es\"}]}<\/script>\n<!-- \/ Yoast SEO plugin. -->","yoast_head_json":{"title":"Actividades Extraescolares - IES SOL DE PORTOCARRERO - LA LABORAL","robots":{"index":"index","follow":"follow","max-snippet":"max-snippet:-1","max-image-preview":"max-image-preview:large","max-video-preview":"max-video-preview:-1"},"canonical":"https:\/\/iessoldeportocarrero.com\/?page_id=75","og_locale":"es_ES","og_type":"article","og_title":"Actividades Extraescolares - IES SOL DE PORTOCARRERO - LA LABORAL","og_description":"E.S.O Y BACHILLERATO CICLOS FORMATIVOS","og_url":"https:\/\/iessoldeportocarrero.com\/?page_id=75","og_site_name":"IES SOL DE PORTOCARRERO - LA LABORAL","article_modified_time":"2025-10-27T07:44:46+00:00","og_image":[{"width":300,"height":225,"url":"https:\/\/iessoldeportocarrero.com\/wp-content\/uploads\/2023\/01\/bus-300x225-1.jpg","type":"image\/jpeg"}],"twitter_card":"summary_large_image","twitter_misc":{"Tiempo de lectura":"1 minuto"},"schema":{"@context":"https:\/\/schema.org","@graph":[{"@type":"WebPage","@id":"https:\/\/iessoldeportocarrero.com\/?page_id=75","url":"https:\/\/iessoldeportocarrero.com\/?page_id=75","name":"Actividades Extraescolares - IES SOL DE PORTOCARRERO - LA LABORAL","isPartOf":{"@id":"https:\/\/iessoldeportocarrero.com\/#website"},"datePublished":"2022-11-10T10:28:36+00:00","dateModified":"2025-10-27T07:44:46+00:00","breadcrumb":{"@id":"https:\/\/iessoldeportocarrero.com\/?page_id=75#breadcrumb"},"inLanguage":"es","potentialAction":[{"@type":"ReadAction","target":["https:\/\/iessoldeportocarrero.com\/?page_id=75"]}]},{"@type":"BreadcrumbList","@id":"https:\/\/iessoldeportocarrero.com\/?page_id=75#breadcrumb","itemListElement":[{"@type":"ListItem","position":1,"name":"Home","item":"https:\/\/iessoldeportocarrero.com\/"},{"@type":"ListItem","position":2,"name":"Curso Escolar","item":"https:\/\/iessoldeportocarrero.com\/?page_id=35"},{"@type":"ListItem","position":3,"name":"Actividades Extraescolares"}]},{"@type":"WebSite","@id":"https:\/\/iessoldeportocarrero.com\/#website","url":"https:\/\/iessoldeportocarrero.com\/","name":"IES SOL DE PORTOCARRERO - LA LABORAL","description":"INSTITUTO DE EDUCACI\u00d3N SECUNDARIA Y FORMACI\u00d3N PROFESIONAL","potentialAction":[{"@type":"SearchAction","target":{"@type":"EntryPoint","urlTemplate":"https:\/\/iessoldeportocarrero.com\/?s={search_term_string}"},"query-input":"required name=search_term_string"}],"inLanguage":"es"}]}},"jetpack_sharing_enabled":true,"jetpack-related-posts":[{"id":77,"url":"https:\/\/iessoldeportocarrero.com\/?page_id=77","url_meta":{"origin":75,"position":0},"title":"Departamento de Actividades Extraescolares","author":"admin","date":"noviembre 10, 2022","format":false,"excerpt":"","rel":"","context":"Entrada similar","block_context":{"text":"Entrada similar","link":""},"img":{"alt_text":"","src":"","width":0,"height":0},"classes":[]},{"id":351,"url":"https:\/\/iessoldeportocarrero.com\/?page_id=351","url_meta":{"origin":75,"position":1},"title":"Documentaci\u00f3n_Extraescolares","author":"admin","date":"noviembre 14, 2022","format":false,"excerpt":"","rel":"","context":"Entrada similar","block_context":{"text":"Entrada similar","link":""},"img":{"alt_text":"","src":"","width":0,"height":0},"classes":[]},{"id":389,"url":"https:\/\/iessoldeportocarrero.com\/?page_id=389","url_meta":{"origin":75,"position":2},"title":"Programaci\u00f3n_Act_Extra","author":"admin","date":"noviembre 14, 2022","format":false,"excerpt":"","rel":"","context":"Entrada similar","block_context":{"text":"Entrada similar","link":""},"img":{"alt_text":"","src":"","width":0,"height":0},"classes":[]},{"id":28,"url":"https:\/\/iessoldeportocarrero.com\/?page_id=28","url_meta":{"origin":75,"position":3},"title":"DEPARTAMENTOS","author":"admin","date":"noviembre 3, 2022","format":false,"excerpt":"ACTIVIDADES F\u00cdSICAS AGRARIA BIOLOG\u00cdA Y GEOLOG\u00cdA CL\u00c1SICAS ACTIVIDADES EXTRAESCOLARES DIBUJO ECONOM\u00cdA EDUCACI\u00d3N F\u00cdSICA FILOSOF\u00cdA F\u00cdSICA Y QU\u00cdMICA FOL FEIE FRANC\u00c9S GEOGRAF\u00cdA E HISTORIA INFORM\u00c1TICA INGL\u00c9S INSTALACI\u00d3N Y MANTENIMIENTO LENGUA MATEM\u00c1TICAS M\u00daSICA ORIENTACI\u00d3N RELIGI\u00d3N TECNOLOG\u00cdA E INFORM\u00c1TICA","rel":"","context":"Entrada similar","block_context":{"text":"Entrada similar","link":""},"img":{"alt_text":"","src":"","width":0,"height":0},"classes":[]},{"id":2522,"url":"https:\/\/iessoldeportocarrero.com\/?page_id=2522","url_meta":{"origin":75,"position":4},"title":"CALENDARIO DE ACTIVIDADES EXTRAESCOLARES","author":"admin","date":"mayo 21, 2024","format":false,"excerpt":"https:\/\/calendar.google.com\/calendar\/embed?height=600&wkst=1&ctz=Europe%2FMadrid&showPrint=0&src=MDQ3MDAxMDcuZXh0cmFlc2NvbGFyZXNAZy5lZHVjYWFuZC5lcw&color=%23039be5","rel":"","context":"Entrada similar","block_context":{"text":"Entrada similar","link":""},"img":{"alt_text":"","src":"","width":0,"height":0},"classes":[]},{"id":1048,"url":"https:\/\/iessoldeportocarrero.com\/?page_id=1048","url_meta":{"origin":75,"position":5},"title":"E.S.O y BACHILLERATO","author":"admin","date":"abril 13, 2023","format":false,"excerpt":"","rel":"","context":"Entrada similar","block_context":{"text":"Entrada similar","link":""},"img":{"alt_text":"","src":"","width":0,"height":0},"classes":[]}],"_links":{"self":[{"href":"https:\/\/iessoldeportocarrero.com\/index.php?rest_route=\/wp\/v2\/pages\/75","targetHints":{"allow":["GET"]}}],"collection":[{"href":"https:\/\/iessoldeportocarrero.com\/index.php?rest_route=\/wp\/v2\/pages"}],"about":[{"href":"https:\/\/iessoldeportocarrero.com\/index.php?rest_route=\/wp\/v2\/types\/page"}],"author":[{"embeddable":true,"href":"https:\/\/iessoldeportocarrero.com\/index.php?rest_route=\/wp\/v2\/users\/1"}],"replies":[{"embeddable":true,"href":"https:\/\/iessoldeportocarrero.com\/index.php?rest_route=%2Fwp%2Fv2%2Fcomments&post=75"}],"version-history":[{"count":9,"href":"https:\/\/iessoldeportocarrero.com\/index.php?rest_route=\/wp\/v2\/pages\/75\/revisions"}],"predecessor-version":[{"id":3514,"href":"https:\/\/iessoldeportocarrero.com\/index.php?rest_route=\/wp\/v2\/pages\/75\/revisions\/3514"}],"up":[{"embeddable":true,"href":"https:\/\/iessoldeportocarrero.com\/index.php?rest_route=\/wp\/v2\/pages\/35"}],"wp:featuredmedia":[{"embeddable":true,"href":"https:\/\/iessoldeportocarrero.com\/index.php?rest_route=\/wp\/v2\/media\/697"}],"wp:attachment":[{"href":"https:\/\/iessoldeportocarrero.com\/index.php?rest_route=%2Fwp%2Fv2%2Fmedia&parent=75"}],"curies":[{"name":"wp","href":"https:\/\/api.w.org\/{rel}","templated":true}]}}