{"id":74,"date":"2022-11-10T11:28:35","date_gmt":"2022-11-10T10:28:35","guid":{"rendered":"https:\/\/soldeportocarreroies.wordpress.com\/?page_id=74"},"modified":"2025-06-16T13:31:49","modified_gmt":"2025-06-16T11:31:49","slug":"calendario-escolar","status":"publish","type":"page","link":"https:\/\/iessoldeportocarrero.com\/?page_id=74","title":{"rendered":"Calendario Escolar del curso."},"content":{"rendered":"\n<div data-wp-interactive=\"core\/file\" class=\"wp-block-file\"><object data-wp-bind--hidden=\"!state.hasPdfPreview\" hidden class=\"wp-block-file__embed\" data=\"https:\/\/iessoldeportocarrero.com\/wp-content\/uploads\/2025\/06\/Calendario_escolar_24_25_Almeria-1.pdf\" type=\"application\/pdf\" style=\"width:100%;height:600px\" aria-label=\"Incrustado de Calendario_escolar_24_25_Almer\u00eda.\"><\/object><a id=\"wp-block-file--media-2f47cc1d-3ba2-4a1d-b3ef-70f12e07c133\" href=\"https:\/\/iessoldeportocarrero.com\/wp-content\/uploads\/2025\/06\/Calendario_escolar_24_25_Almeria-1.pdf\">Calendario_escolar_24_25_Almer\u00eda<\/a><a href=\"https:\/\/iessoldeportocarrero.com\/wp-content\/uploads\/2025\/06\/Calendario_escolar_24_25_Almeria-1.pdf\" class=\"wp-block-file__button wp-element-button\" download aria-describedby=\"wp-block-file--media-2f47cc1d-3ba2-4a1d-b3ef-70f12e07c133\">Descarga<\/a><\/div>\n","protected":false},"excerpt":{"rendered":"","protected":false},"author":1,"featured_media":0,"parent":35,"menu_order":0,"comment_status":"closed","ping_status":"closed","template":"","meta":{"footnotes":""},"class_list":["post-74","page","type-page","status-publish","hentry"],"yoast_head":"<!-- This site is optimized with the Yoast SEO plugin v19.14 - https:\/\/yoast.com\/wordpress\/plugins\/seo\/ -->\n<title>Calendario Escolar del curso. - IES SOL DE PORTOCARRERO - LA LABORAL<\/title>\n<meta name=\"robots\" content=\"index, follow, max-snippet:-1, max-image-preview:large, max-video-preview:-1\" \/>\n<link rel=\"canonical\" href=\"https:\/\/iessoldeportocarrero.com\/?page_id=74\" \/>\n<meta property=\"og:locale\" content=\"es_ES\" \/>\n<meta property=\"og:type\" content=\"article\" \/>\n<meta property=\"og:title\" content=\"Calendario Escolar del curso. - IES SOL DE PORTOCARRERO - LA LABORAL\" \/>\n<meta property=\"og:url\" content=\"https:\/\/iessoldeportocarrero.com\/?page_id=74\" \/>\n<meta property=\"og:site_name\" content=\"IES SOL DE PORTOCARRERO - LA LABORAL\" \/>\n<meta property=\"article:modified_time\" content=\"2025-06-16T11:31:49+00:00\" \/>\n<meta name=\"twitter:card\" content=\"summary_large_image\" \/>\n<meta name=\"twitter:label1\" content=\"Tiempo de lectura\" \/>\n\t<meta name=\"twitter:data1\" content=\"1 minuto\" \/>\n<script type=\"application\/ld+json\" class=\"yoast-schema-graph\">{\"@context\":\"https:\/\/schema.org\",\"@graph\":[{\"@type\":\"WebPage\",\"@id\":\"https:\/\/iessoldeportocarrero.com\/?page_id=74\",\"url\":\"https:\/\/iessoldeportocarrero.com\/?page_id=74\",\"name\":\"Calendario Escolar del curso. - IES SOL DE PORTOCARRERO - LA LABORAL\",\"isPartOf\":{\"@id\":\"https:\/\/iessoldeportocarrero.com\/#website\"},\"datePublished\":\"2022-11-10T10:28:35+00:00\",\"dateModified\":\"2025-06-16T11:31:49+00:00\",\"breadcrumb\":{\"@id\":\"https:\/\/iessoldeportocarrero.com\/?page_id=74#breadcrumb\"},\"inLanguage\":\"es\",\"potentialAction\":[{\"@type\":\"ReadAction\",\"target\":[\"https:\/\/iessoldeportocarrero.com\/?page_id=74\"]}]},{\"@type\":\"BreadcrumbList\",\"@id\":\"https:\/\/iessoldeportocarrero.com\/?page_id=74#breadcrumb\",\"itemListElement\":[{\"@type\":\"ListItem\",\"position\":1,\"name\":\"Home\",\"item\":\"https:\/\/iessoldeportocarrero.com\/\"},{\"@type\":\"ListItem\",\"position\":2,\"name\":\"Curso Escolar\",\"item\":\"https:\/\/iessoldeportocarrero.com\/?page_id=35\"},{\"@type\":\"ListItem\",\"position\":3,\"name\":\"Calendario Escolar del curso.\"}]},{\"@type\":\"WebSite\",\"@id\":\"https:\/\/iessoldeportocarrero.com\/#website\",\"url\":\"https:\/\/iessoldeportocarrero.com\/\",\"name\":\"IES SOL DE PORTOCARRERO - LA LABORAL\",\"description\":\"INSTITUTO DE EDUCACI\u00d3N SECUNDARIA Y FORMACI\u00d3N PROFESIONAL\",\"potentialAction\":[{\"@type\":\"SearchAction\",\"target\":{\"@type\":\"EntryPoint\",\"urlTemplate\":\"https:\/\/iessoldeportocarrero.com\/?s={search_term_string}\"},\"query-input\":\"required name=search_term_string\"}],\"inLanguage\":\"es\"}]}<\/script>\n<!-- \/ Yoast SEO plugin. -->","yoast_head_json":{"title":"Calendario Escolar del curso. - IES SOL DE PORTOCARRERO - LA LABORAL","robots":{"index":"index","follow":"follow","max-snippet":"max-snippet:-1","max-image-preview":"max-image-preview:large","max-video-preview":"max-video-preview:-1"},"canonical":"https:\/\/iessoldeportocarrero.com\/?page_id=74","og_locale":"es_ES","og_type":"article","og_title":"Calendario Escolar del curso. - IES SOL DE PORTOCARRERO - LA LABORAL","og_url":"https:\/\/iessoldeportocarrero.com\/?page_id=74","og_site_name":"IES SOL DE PORTOCARRERO - LA LABORAL","article_modified_time":"2025-06-16T11:31:49+00:00","twitter_card":"summary_large_image","twitter_misc":{"Tiempo de lectura":"1 minuto"},"schema":{"@context":"https:\/\/schema.org","@graph":[{"@type":"WebPage","@id":"https:\/\/iessoldeportocarrero.com\/?page_id=74","url":"https:\/\/iessoldeportocarrero.com\/?page_id=74","name":"Calendario Escolar del curso. - IES SOL DE PORTOCARRERO - LA LABORAL","isPartOf":{"@id":"https:\/\/iessoldeportocarrero.com\/#website"},"datePublished":"2022-11-10T10:28:35+00:00","dateModified":"2025-06-16T11:31:49+00:00","breadcrumb":{"@id":"https:\/\/iessoldeportocarrero.com\/?page_id=74#breadcrumb"},"inLanguage":"es","potentialAction":[{"@type":"ReadAction","target":["https:\/\/iessoldeportocarrero.com\/?page_id=74"]}]},{"@type":"BreadcrumbList","@id":"https:\/\/iessoldeportocarrero.com\/?page_id=74#breadcrumb","itemListElement":[{"@type":"ListItem","position":1,"name":"Home","item":"https:\/\/iessoldeportocarrero.com\/"},{"@type":"ListItem","position":2,"name":"Curso Escolar","item":"https:\/\/iessoldeportocarrero.com\/?page_id=35"},{"@type":"ListItem","position":3,"name":"Calendario Escolar del curso."}]},{"@type":"WebSite","@id":"https:\/\/iessoldeportocarrero.com\/#website","url":"https:\/\/iessoldeportocarrero.com\/","name":"IES SOL DE PORTOCARRERO - LA LABORAL","description":"INSTITUTO DE EDUCACI\u00d3N SECUNDARIA Y FORMACI\u00d3N PROFESIONAL","potentialAction":[{"@type":"SearchAction","target":{"@type":"EntryPoint","urlTemplate":"https:\/\/iessoldeportocarrero.com\/?s={search_term_string}"},"query-input":"required name=search_term_string"}],"inLanguage":"es"}]}},"jetpack_sharing_enabled":true,"jetpack-related-posts":[{"id":35,"url":"https:\/\/iessoldeportocarrero.com\/?page_id=35","url_meta":{"origin":74,"position":0},"title":"Curso Escolar","author":"admin","date":"noviembre 3, 2022","format":false,"excerpt":"","rel":"","context":"Entrada similar","block_context":{"text":"Entrada similar","link":""},"img":{"alt_text":"","src":"","width":0,"height":0},"classes":[]},{"id":69,"url":"https:\/\/iessoldeportocarrero.com\/?page_id=69","url_meta":{"origin":74,"position":1},"title":"Horarios","author":"admin","date":"noviembre 10, 2022","format":false,"excerpt":"","rel":"","context":"Entrada similar","block_context":{"text":"Entrada similar","link":""},"img":{"alt_text":"","src":"","width":0,"height":0},"classes":[]},{"id":70,"url":"https:\/\/iessoldeportocarrero.com\/?page_id=70","url_meta":{"origin":74,"position":2},"title":"Eventos","author":"admin","date":"noviembre 10, 2022","format":false,"excerpt":"","rel":"","context":"Entrada similar","block_context":{"text":"Entrada similar","link":""},"img":{"alt_text":"","src":"","width":0,"height":0},"classes":[]},{"id":75,"url":"https:\/\/iessoldeportocarrero.com\/?page_id=75","url_meta":{"origin":74,"position":3},"title":"Actividades Extraescolares","author":"admin","date":"noviembre 10, 2022","format":false,"excerpt":"E.S.O Y BACHILLERATO ACTIVIDADES EXTRAESCOLARES 25,26 DEFINITIVADescarga CICLOS FORMATIVOS ACTIVIDADES EXTRAESCOLARES Y COMPLEMENTARIAS CICLOS FORMATIVOS CURSO 25,26Descarga","rel":"","context":"Entrada similar","block_context":{"text":"Entrada similar","link":""},"img":{"alt_text":"","src":"https:\/\/i0.wp.com\/iessoldeportocarrero.com\/wp-content\/uploads\/2023\/01\/bus-300x225-1.jpg?resize=350%2C200&ssl=1","width":350,"height":200},"classes":[]},{"id":67,"url":"https:\/\/iessoldeportocarrero.com\/?page_id=67","url_meta":{"origin":74,"position":4},"title":"Escolarizaci\u00f3n","author":"admin","date":"noviembre 10, 2022","format":false,"excerpt":"Escolarizaci\u00f3n Esta secci\u00f3n contiene informaci\u00f3n de utilidad para las familias a la hora de de iniciar el proceso de escolarizaci\u00f3n: plazos, documentos, normativa, enlaces, etc. Enlace al portal de escolarizaci\u00f3n. Normativa\u00a0sobre el proceso de escolarizaci\u00f3n. Per\u00edodo de admisi\u00f3n: Marzo: ESO y Bachillerato Junio: Ciclos Formativos https:\/\/youtu.be\/r-2IQRy8pL8 V\u00eddeo promocional de la\u2026","rel":"","context":"Entrada similar","block_context":{"text":"Entrada similar","link":""},"img":{"alt_text":"","src":"https:\/\/i0.wp.com\/img.youtube.com\/vi\/r-2IQRy8pL8\/0.jpg?resize=350%2C200","width":350,"height":200},"classes":[]},{"id":387,"url":"https:\/\/iessoldeportocarrero.com\/?page_id=387","url_meta":{"origin":74,"position":5},"title":"Programaci\u00f3n_ByG","author":"admin","date":"noviembre 14, 2022","format":false,"excerpt":"La asignatura de Biolog\u00eda y Geolog\u00eda debe contribuir durante la Educaci\u00f3n Secundaria Obligatoria (ESO) a que el alumnado adquiera unos conocimientos y destrezas b\u00e1sicas que le permitan adquirir una cultura cient\u00edfica; los alumnos y alumnas debe identificarse como agentes activos, y reconocer que de sus actuaciones y conocimientos depender\u00e1 el\u2026","rel":"","context":"Entrada similar","block_context":{"text":"Entrada similar","link":""},"img":{"alt_text":"","src":"","width":0,"height":0},"classes":[]}],"_links":{"self":[{"href":"https:\/\/iessoldeportocarrero.com\/index.php?rest_route=\/wp\/v2\/pages\/74","targetHints":{"allow":["GET"]}}],"collection":[{"href":"https:\/\/iessoldeportocarrero.com\/index.php?rest_route=\/wp\/v2\/pages"}],"about":[{"href":"https:\/\/iessoldeportocarrero.com\/index.php?rest_route=\/wp\/v2\/types\/page"}],"author":[{"embeddable":true,"href":"https:\/\/iessoldeportocarrero.com\/index.php?rest_route=\/wp\/v2\/users\/1"}],"replies":[{"embeddable":true,"href":"https:\/\/iessoldeportocarrero.com\/index.php?rest_route=%2Fwp%2Fv2%2Fcomments&post=74"}],"version-history":[{"count":17,"href":"https:\/\/iessoldeportocarrero.com\/index.php?rest_route=\/wp\/v2\/pages\/74\/revisions"}],"predecessor-version":[{"id":3331,"href":"https:\/\/iessoldeportocarrero.com\/index.php?rest_route=\/wp\/v2\/pages\/74\/revisions\/3331"}],"up":[{"embeddable":true,"href":"https:\/\/iessoldeportocarrero.com\/index.php?rest_route=\/wp\/v2\/pages\/35"}],"wp:attachment":[{"href":"https:\/\/iessoldeportocarrero.com\/index.php?rest_route=%2Fwp%2Fv2%2Fmedia&parent=74"}],"curies":[{"name":"wp","href":"https:\/\/api.w.org\/{rel}","templated":true}]}}

<div data-wp-interactive="core/file" class="wp-block-file"><object data-wp-bind--hidden="!state.hasPdfPreview" hidden class="wp-block-file__embed" data="https://iessoldeportocarrero.com/wp-content/uploads/2025/06/Calendario_escolar_24_25_Almeria-1.pdf" type="application/pdf" style="width:100%;height:600px" aria-label="Incrustado de Calendario_escolar_24_25_Almería."></object><a id="wp-block-file--media-2f47cc1d-3ba2-4a1d-b3ef-70f12e07c133" href="https://iessoldeportocarrero.com/wp-content/uploads/2025/06/Calendario_escolar_24_25_Almeria-1.pdf">Calendario_escolar_24_25_Almería</a><a href="https://iessoldeportocarrero.com/wp-content/uploads/2025/06/Calendario_escolar_24_25_Almeria-1.pdf" class="wp-block-file__button wp-element-button" download aria-describedby="wp-block-file--media-2f47cc1d-3ba2-4a1d-b3ef-70f12e07c133">Descarga</a></div>

<!-- This site is optimized with the Yoast SEO plugin v19.14 - https://yoast.com/wordpress/plugins/seo/ -->
<title>Calendario Escolar del curso. - IES SOL DE PORTOCARRERO - LA LABORAL</title>
<meta name="robots" content="index, follow, max-snippet:-1, max-image-preview:large, max-video-preview:-1" />
<link rel="canonical" href="https://iessoldeportocarrero.com/?page_id=74" />
<meta property="og:locale" content="es_ES" />
<meta property="og:type" content="article" />
<meta property="og:title" content="Calendario Escolar del curso. - IES SOL DE PORTOCARRERO - LA LABORAL" />
<meta property="og:url" content="https://iessoldeportocarrero.com/?page_id=74" />
<meta property="og:site_name" content="IES SOL DE PORTOCARRERO - LA LABORAL" />
<meta property="article:modified_time" content="2025-06-16T11:31:49+00:00" />
<meta name="twitter:card" content="summary_large_image" />
<meta name="twitter:label1" content="Tiempo de lectura" />
	<meta name="twitter:data1" content="1 minuto" />
<script type="application/ld+json" class="yoast-schema-graph">{"@context":"https://schema.org","@graph":[{"@type":"WebPage","@id":"https://iessoldeportocarrero.com/?page_id=74","url":"https://iessoldeportocarrero.com/?page_id=74","name":"Calendario Escolar del curso. - IES SOL DE PORTOCARRERO - LA LABORAL","isPartOf":{"@id":"https://iessoldeportocarrero.com/#website"},"datePublished":"2022-11-10T10:28:35+00:00","dateModified":"2025-06-16T11:31:49+00:00","breadcrumb":{"@id":"https://iessoldeportocarrero.com/?page_id=74#breadcrumb"},"inLanguage":"es","potentialAction":[{"@type":"ReadAction","target":["https://iessoldeportocarrero.com/?page_id=74"]}]},{"@type":"BreadcrumbList","@id":"https://iessoldeportocarrero.com/?page_id=74#breadcrumb","itemListElement":[{"@type":"ListItem","position":1,"name":"Home","item":"https://iessoldeportocarrero.com/"},{"@type":"ListItem","position":2,"name":"Curso Escolar","item":"https://iessoldeportocarrero.com/?page_id=35"},{"@type":"ListItem","position":3,"name":"Calendario Escolar del curso."}]},{"@type":"WebSite","@id":"https://iessoldeportocarrero.com/#website","url":"https://iessoldeportocarrero.com/","name":"IES SOL DE PORTOCARRERO - LA LABORAL","description":"INSTITUTO DE EDUCACIÓN SECUNDARIA Y FORMACIÓN PROFESIONAL","potentialAction":[{"@type":"SearchAction","target":{"@type":"EntryPoint","urlTemplate":"https://iessoldeportocarrero.com/?s={search_term_string}"},"query-input":"required name=search_term_string"}],"inLanguage":"es"}]}</script>
<!-- / Yoast SEO plugin. -->

INSTITUTO DE EDUCACIÓN SECUNDARIA Y FORMACIÓN PROFESIONAL

Escolarización

Escolarización Esta sección contiene información de utilidad para las familias a la hora de de iniciar el proceso de escolarización: plazos, documentos, normativa, enlaces, etc. Enlace al portal de escolarización. Normativa sobre el proceso de escolarización. Período de admisión: Marzo: ESO y Bachillerato Junio: Ciclos Formativos https://youtu.be/r-2IQRy8pL8 Vídeo promocional de la…

Programación_ByG

La asignatura de Biología y Geología debe contribuir durante la Educación Secundaria Obligatoria (ESO) a que el alumnado adquiera unos conocimientos y destrezas básicas que le permitan adquirir una cultura científica; los alumnos y alumnas debe identificarse como agentes activos, y reconocer que de sus actuaciones y conocimientos dependerá el…
