{"id":51,"date":"2022-11-10T10:49:23","date_gmt":"2022-11-10T09:49:23","guid":{"rendered":"https:\/\/soldeportocarreroies.wordpress.com\/?page_id=51"},"modified":"2025-09-28T23:04:00","modified_gmt":"2025-09-28T21:04:00","slug":"datos-del-centro","status":"publish","type":"page","link":"https:\/\/iessoldeportocarrero.com\/?page_id=51","title":{"rendered":"Datos del centro"},"content":{"rendered":"\n<div class=\"wp-block-columns is-layout-flex wp-container-core-columns-is-layout-9d6595d7 wp-block-columns-is-layout-flex\">\n<div class=\"wp-block-column is-layout-flow wp-block-column-is-layout-flow\">\n<iframe src=\"https:\/\/www.google.com\/maps\/embed?pb=!1m18!1m12!1m3!1d3192.89859931664!2d-2.387900384395575!3d36.84490447288113!2m3!1f0!2f0!3f0!3m2!1i1024!2i768!4f13.1!3m3!1m2!1s0xd7a9eaa05b63def%3A0x82d489fbfaa8184a!2sIES%20Sol%20de%20Portocarrero!5e0!3m2!1ses!2ses!4v1678100602234!5m2!1ses!2ses\" style=\"border:0;\" allowfullscreen=\"\" loading=\"lazy\" referrerpolicy=\"no-referrer-when-downgrade\" width=\"600\" height=\"450\"><\/iframe>\n<\/div>\n\n\n\n<div class=\"wp-block-column is-layout-flow wp-block-column-is-layout-flow\">\n<h3 class=\"wp-block-heading has-text-align-center\"><strong>I.E.S.L SOL DE PORTOCARRERO<\/strong>-LA LABORAL<\/h3>\n\n\n<div class=\"wp-block-image\">\n<figure class=\"aligncenter size-full is-resized\"><img fetchpriority=\"high\" decoding=\"async\" width=\"1024\" height=\"1024\" src=\"https:\/\/iessoldeportocarrero.com\/wp-content\/uploads\/2025\/09\/loGO_LABORAL.png\" alt=\"\" class=\"wp-image-3445\" style=\"width:123px;height:auto\" srcset=\"https:\/\/iessoldeportocarrero.com\/wp-content\/uploads\/2025\/09\/loGO_LABORAL.png 1024w, https:\/\/iessoldeportocarrero.com\/wp-content\/uploads\/2025\/09\/loGO_LABORAL-300x300.png 300w, https:\/\/iessoldeportocarrero.com\/wp-content\/uploads\/2025\/09\/loGO_LABORAL-150x150.png 150w, https:\/\/iessoldeportocarrero.com\/wp-content\/uploads\/2025\/09\/loGO_LABORAL-768x768.png 768w, https:\/\/iessoldeportocarrero.com\/wp-content\/uploads\/2025\/09\/loGO_LABORAL-270x270.png 270w\" sizes=\"(max-width: 1024px) 100vw, 1024px\" \/><\/figure>\n<\/div>\n\n\n<p><strong>C\u00f3digo del centro: 04700107<\/strong><\/p>\n\n\n\n<p><strong>Direcci\u00f3n:<\/strong>&nbsp;Carretera de N\u00edjar Km 7, 04120, La Ca\u00f1ada de San Urbano, Almer\u00eda<br><strong>Tel\u00e9fono:&nbsp;950156950 &nbsp;<\/strong><\/p>\n\n\n\n<p><strong>Email:<\/strong>&nbsp;04700107.edu@juntadeandalucia.es<\/p>\n\n\n\n<h2 class=\"wp-block-heading has-text-align-center\"><strong>Horarios<\/strong> <strong>del centro<\/strong><\/h2>\n\n\n\n<div class=\"wp-block-group is-vertical is-layout-flex wp-container-core-group-is-layout-8cf370e7 wp-block-group-is-layout-flex\">\n<ul class=\"wp-block-list\">\n<li>Horario lectivo : 8:15 a 14:45<\/li>\n\n\n\n<li>Un recreo:  11:15 a 11:45.<\/li>\n<\/ul>\n<\/div>\n<\/div>\n<\/div>\n\n\n\n<p class=\"has-text-align-center\">PRESENTACI\u00d3N DE NUESTRO CENTRO<\/p>\n\n\n\n<div data-wp-interactive=\"core\/file\" class=\"wp-block-file\"><object data-wp-bind--hidden=\"!state.hasPdfPreview\" hidden class=\"wp-block-file__embed\" data=\"https:\/\/iessoldeportocarrero.com\/wp-content\/uploads\/2023\/05\/presentacion_ies_sol_de_portocarrero_almeria.pdf\" type=\"application\/pdf\" style=\"width:100%;height:335px\" aria-label=\"Incrustado de presentacion_ies_sol_de_portocarrero_almeria.\"><\/object><a id=\"wp-block-file--media-bf927878-88f1-48f9-9605-92ad77fdcf70\" href=\"https:\/\/iessoldeportocarrero.com\/wp-content\/uploads\/2023\/05\/presentacion_ies_sol_de_portocarrero_almeria.pdf\" target=\"_blank\" rel=\"noreferrer noopener\">presentacion_ies_sol_de_portocarrero_almeria<\/a><a href=\"https:\/\/iessoldeportocarrero.com\/wp-content\/uploads\/2023\/05\/presentacion_ies_sol_de_portocarrero_almeria.pdf\" class=\"wp-block-file__button wp-element-button\" download aria-describedby=\"wp-block-file--media-bf927878-88f1-48f9-9605-92ad77fdcf70\">Descarga<\/a><\/div>\n\n\n\n<div class=\"wp-block-columns alignwide is-layout-flex wp-container-core-columns-is-layout-9d6595d7 wp-block-columns-is-layout-flex\">\n<div class=\"wp-block-column has-black-color has-text-color has-background has-link-color wp-elements-0f1a35869e0f8f372ebb4dfc8e6aba9b is-layout-flow wp-block-column-is-layout-flow\" style=\"background:linear-gradient(135deg,rgb(252,185,0) 0%,rgb(252,210,155) 39%,rgb(255,105,0) 100%);padding-top:2em;padding-right:2em;padding-bottom:2em;padding-left:2em;flex-basis:200px\">\n<h2 class=\"wp-block-heading has-text-align-center\" id=\"single\" style=\"font-size:30px\"><strong>E.S.O<\/strong><\/h2>\n\n\n\n<p class=\"has-normal-font-size\" style=\"line-height:1.5\"><strong>ENSE\u00d1ANZA BILINGUE- INGL\u00c9S<\/strong><\/p>\n\n\n\n<hr class=\"wp-block-separator has-text-color has-css-opacity has-background is-style-wide\" style=\"background-color:#000000;color:#000000\"\/>\n\n\n\n<p class=\"has-normal-font-size\">Plan TDE S<\/p>\n\n\n\n<p class=\"has-normal-font-size\">Bbliotecas escolares<\/p>\n\n\n\n<p class=\"has-normal-font-size\">Salud Laboral y P.R.L.<\/p>\n\n\n\n<p class=\"has-normal-font-size\">Plan de apertura<\/p>\n\n\n\n<p class=\"has-normal-font-size\">Plan de igualdad de g\u00e9nero <\/p>\n\n\n\n<p class=\"has-normal-font-size\">Forma Joven<\/p>\n\n\n\n<p class=\"has-normal-font-size\">Compensaci\u00f3n educativa<\/p>\n\n\n\n<p class=\"has-normal-font-size\">Convivencia Escolar<\/p>\n\n\n\n<p class=\"has-normal-font-size\">Educaci\u00f3n Especial<\/p>\n\n\n\n<div class=\"wp-block-buttons alignfull is-horizontal is-content-justification-center is-layout-flex wp-container-core-buttons-is-layout-499968f5 wp-block-buttons-is-layout-flex\"><\/div>\n<\/div>\n\n\n\n<div class=\"wp-block-column has-black-color has-text-color has-background has-link-color wp-elements-7c4bcbd2f5740d3fbbe77df44740c1b7 is-layout-flow wp-block-column-is-layout-flow\" style=\"background:linear-gradient(265deg,rgb(252,185,0) 0%,rgb(252,210,155) 52%,rgb(255,105,0) 100%);padding-top:2em;padding-right:2em;padding-bottom:2em;padding-left:2em;flex-basis:210px\">\n<h5 class=\"wp-block-heading has-text-align-center\" id=\"family\" style=\"font-size:20px\"><strong>BACHILLERATO<\/strong><\/h5>\n\n\n\n<p class=\"has-text-align-center has-normal-font-size\" style=\"line-height:1.5\"><strong>Modalidades<\/strong><\/p>\n\n\n\n<hr class=\"wp-block-separator has-css-opacity is-style-wide\"\/>\n\n\n\n<ul class=\"wp-block-list\">\n<li>GENERAL<\/li>\n\n\n\n<li>CIENCIAS Y TECNOLOG\u00cdA<\/li>\n\n\n\n<li>HUMANIDADES Y CIENCIAS SOCIALES<\/li>\n<\/ul>\n\n\n\n<div class=\"wp-block-buttons alignfull is-horizontal is-content-justification-center is-layout-flex wp-container-core-buttons-is-layout-499968f5 wp-block-buttons-is-layout-flex\"><\/div>\n<\/div>\n\n\n\n<div class=\"wp-block-column has-text-color has-background has-link-color wp-elements-c1a6a84fceb6613f7db70f842db46da9 is-layout-flow wp-block-column-is-layout-flow\" style=\"color:#000000;background:linear-gradient(107deg,rgb(252,185,0) 17%,rgb(255,105,0) 42%,rgb(252,210,155) 80%);padding-top:2em;padding-right:2em;padding-bottom:2em;padding-left:2em\">\n<h2 class=\"wp-block-heading has-text-align-center\" id=\"patron\" style=\"font-size:24px\"><strong>FORMACI\u00d3N PROFESIONAL<\/strong><\/h2>\n\n\n\n<p class=\"has-normal-font-size\"><strong>B\u00e1sica, Grado Medio y Grado Superior<\/strong><\/p>\n\n\n\n<hr class=\"wp-block-separator has-css-opacity is-style-wide\"\/>\n\n\n\n<ul class=\"wp-block-list\">\n<li>FP B\u00e1sica \n<ul class=\"wp-block-list\">\n<li>AgroJardineria y Composiciones Florales<\/li>\n<\/ul>\n<\/li>\n\n\n\n<li>F.P. Grado Medio \n<ul class=\"wp-block-list\">\n<li>Conducci\u00f3n de Actividades F\u00edsico-Deportivas en el Medio Natural;&nbsp;<\/li>\n\n\n\n<li>Jardiner\u00eda y Florister\u00eda<\/li>\n\n\n\n<li>Mantenimiento Electromec\u00e1nico), <\/li>\n<\/ul>\n<\/li>\n\n\n\n<li>F.P. Grado Superior \n<ul class=\"wp-block-list\">\n<li>Ense\u00f1anza y Animaci\u00f3n Sociodeportiva<\/li>\n\n\n\n<li>&nbsp;Acondicionamiento F\u00edsico<\/li>\n\n\n\n<li>Mecatr\u00f3nica Industrial<\/li>\n<\/ul>\n<\/li>\n\n\n\n<li>F.P. Dual Grado Medio\n<ul class=\"wp-block-list\">\n<li>Producci\u00f3n Agroecol\u00f3gica<\/li>\n<\/ul>\n<\/li>\n\n\n\n<li>F.P. Dual Grado Superior \n<ul class=\"wp-block-list\">\n<li>Paisajismo y Medio Rural<\/li>\n<\/ul>\n<\/li>\n<\/ul>\n\n\n\n<div class=\"wp-block-buttons alignfull is-horizontal is-content-justification-center is-layout-flex wp-container-core-buttons-is-layout-499968f5 wp-block-buttons-is-layout-flex\"><\/div>\n<\/div>\n<\/div>\n\n\n\n<p><\/p>\n","protected":false},"excerpt":{"rendered":"<p>I.E.S.L SOL DE PORTOCARRERO-LA LABORAL C\u00f3digo del centro: 04700107 Direcci\u00f3n:&nbsp;Carretera de N\u00edjar Km 7, 04120, La Ca\u00f1ada de San Urbano, Almer\u00edaTel\u00e9fono:&nbsp;950156950 &nbsp; Email:&nbsp;04700107.edu@juntadeandalucia.es Horarios del centro PRESENTACI\u00d3N DE NUESTRO CENTRO E.S.O ENSE\u00d1ANZA BILINGUE- INGL\u00c9S Plan TDE S Bbliotecas escolares Salud <a href=\"https:\/\/iessoldeportocarrero.com\/?page_id=51\" class=\"read-more\">Leer m\u00e1s&#8230;<\/a><\/p>\n","protected":false},"author":1,"featured_media":0,"parent":33,"menu_order":0,"comment_status":"closed","ping_status":"closed","template":"","meta":{"footnotes":""},"class_list":["post-51","page","type-page","status-publish","hentry"],"yoast_head":"<!-- This site is optimized with the Yoast SEO plugin v19.14 - https:\/\/yoast.com\/wordpress\/plugins\/seo\/ -->\n<title>Datos del centro - IES SOL DE PORTOCARRERO - LA LABORAL<\/title>\n<meta name=\"robots\" content=\"index, follow, max-snippet:-1, max-image-preview:large, max-video-preview:-1\" \/>\n<link rel=\"canonical\" href=\"https:\/\/iessoldeportocarrero.com\/?page_id=51\" \/>\n<meta property=\"og:locale\" content=\"es_ES\" \/>\n<meta property=\"og:type\" content=\"article\" \/>\n<meta property=\"og:title\" content=\"Datos del centro - IES SOL DE PORTOCARRERO - LA LABORAL\" \/>\n<meta property=\"og:description\" content=\"I.E.S.L SOL DE PORTOCARRERO-LA LABORAL C\u00f3digo del centro: 04700107 Direcci\u00f3n:&nbsp;Carretera de N\u00edjar Km 7, 04120, La Ca\u00f1ada de San Urbano, Almer\u00edaTel\u00e9fono:&nbsp;950156950 &nbsp; Email:&nbsp;04700107.edu@juntadeandalucia.es Horarios del centro PRESENTACI\u00d3N DE NUESTRO CENTRO E.S.O ENSE\u00d1ANZA BILINGUE- INGL\u00c9S Plan TDE S Bbliotecas escolares Salud Leer m\u00e1s...\" \/>\n<meta property=\"og:url\" content=\"https:\/\/iessoldeportocarrero.com\/?page_id=51\" \/>\n<meta property=\"og:site_name\" content=\"IES SOL DE PORTOCARRERO - LA LABORAL\" \/>\n<meta property=\"article:modified_time\" content=\"2025-09-28T21:04:00+00:00\" \/>\n<meta property=\"og:image\" content=\"https:\/\/iessoldeportocarrero.com\/wp-content\/uploads\/2025\/09\/loGO_LABORAL.png\" \/>\n<meta name=\"twitter:card\" content=\"summary_large_image\" \/>\n<meta name=\"twitter:label1\" content=\"Tiempo de lectura\" \/>\n\t<meta name=\"twitter:data1\" content=\"1 minuto\" \/>\n<script type=\"application\/ld+json\" class=\"yoast-schema-graph\">{\"@context\":\"https:\/\/schema.org\",\"@graph\":[{\"@type\":\"WebPage\",\"@id\":\"https:\/\/iessoldeportocarrero.com\/?page_id=51\",\"url\":\"https:\/\/iessoldeportocarrero.com\/?page_id=51\",\"name\":\"Datos del centro - IES SOL DE PORTOCARRERO - LA LABORAL\",\"isPartOf\":{\"@id\":\"https:\/\/iessoldeportocarrero.com\/#website\"},\"datePublished\":\"2022-11-10T09:49:23+00:00\",\"dateModified\":\"2025-09-28T21:04:00+00:00\",\"breadcrumb\":{\"@id\":\"https:\/\/iessoldeportocarrero.com\/?page_id=51#breadcrumb\"},\"inLanguage\":\"es\",\"potentialAction\":[{\"@type\":\"ReadAction\",\"target\":[\"https:\/\/iessoldeportocarrero.com\/?page_id=51\"]}]},{\"@type\":\"BreadcrumbList\",\"@id\":\"https:\/\/iessoldeportocarrero.com\/?page_id=51#breadcrumb\",\"itemListElement\":[{\"@type\":\"ListItem\",\"position\":1,\"name\":\"Home\",\"item\":\"https:\/\/iessoldeportocarrero.com\/\"},{\"@type\":\"ListItem\",\"position\":2,\"name\":\"El Centro\",\"item\":\"https:\/\/iessoldeportocarrero.com\/?page_id=33\"},{\"@type\":\"ListItem\",\"position\":3,\"name\":\"Datos del centro\"}]},{\"@type\":\"WebSite\",\"@id\":\"https:\/\/iessoldeportocarrero.com\/#website\",\"url\":\"https:\/\/iessoldeportocarrero.com\/\",\"name\":\"IES SOL DE PORTOCARRERO - LA LABORAL\",\"description\":\"INSTITUTO DE EDUCACI\u00d3N SECUNDARIA Y FORMACI\u00d3N PROFESIONAL\",\"potentialAction\":[{\"@type\":\"SearchAction\",\"target\":{\"@type\":\"EntryPoint\",\"urlTemplate\":\"https:\/\/iessoldeportocarrero.com\/?s={search_term_string}\"},\"query-input\":\"required name=search_term_string\"}],\"inLanguage\":\"es\"}]}<\/script>\n<!-- \/ Yoast SEO plugin. -->","yoast_head_json":{"title":"Datos del centro - IES SOL DE PORTOCARRERO - LA LABORAL","robots":{"index":"index","follow":"follow","max-snippet":"max-snippet:-1","max-image-preview":"max-image-preview:large","max-video-preview":"max-video-preview:-1"},"canonical":"https:\/\/iessoldeportocarrero.com\/?page_id=51","og_locale":"es_ES","og_type":"article","og_title":"Datos del centro - IES SOL DE PORTOCARRERO - LA LABORAL","og_description":"I.E.S.L SOL DE PORTOCARRERO-LA LABORAL C\u00f3digo del centro: 04700107 Direcci\u00f3n:&nbsp;Carretera de N\u00edjar Km 7, 04120, La Ca\u00f1ada de San Urbano, Almer\u00edaTel\u00e9fono:&nbsp;950156950 &nbsp; Email:&nbsp;04700107.edu@juntadeandalucia.es Horarios del centro PRESENTACI\u00d3N DE NUESTRO CENTRO E.S.O ENSE\u00d1ANZA BILINGUE- INGL\u00c9S Plan TDE S Bbliotecas escolares Salud Leer m\u00e1s...","og_url":"https:\/\/iessoldeportocarrero.com\/?page_id=51","og_site_name":"IES SOL DE PORTOCARRERO - LA LABORAL","article_modified_time":"2025-09-28T21:04:00+00:00","og_image":[{"url":"https:\/\/iessoldeportocarrero.com\/wp-content\/uploads\/2025\/09\/loGO_LABORAL.png"}],"twitter_card":"summary_large_image","twitter_misc":{"Tiempo de lectura":"1 minuto"},"schema":{"@context":"https:\/\/schema.org","@graph":[{"@type":"WebPage","@id":"https:\/\/iessoldeportocarrero.com\/?page_id=51","url":"https:\/\/iessoldeportocarrero.com\/?page_id=51","name":"Datos del centro - IES SOL DE PORTOCARRERO - LA LABORAL","isPartOf":{"@id":"https:\/\/iessoldeportocarrero.com\/#website"},"datePublished":"2022-11-10T09:49:23+00:00","dateModified":"2025-09-28T21:04:00+00:00","breadcrumb":{"@id":"https:\/\/iessoldeportocarrero.com\/?page_id=51#breadcrumb"},"inLanguage":"es","potentialAction":[{"@type":"ReadAction","target":["https:\/\/iessoldeportocarrero.com\/?page_id=51"]}]},{"@type":"BreadcrumbList","@id":"https:\/\/iessoldeportocarrero.com\/?page_id=51#breadcrumb","itemListElement":[{"@type":"ListItem","position":1,"name":"Home","item":"https:\/\/iessoldeportocarrero.com\/"},{"@type":"ListItem","position":2,"name":"El Centro","item":"https:\/\/iessoldeportocarrero.com\/?page_id=33"},{"@type":"ListItem","position":3,"name":"Datos del centro"}]},{"@type":"WebSite","@id":"https:\/\/iessoldeportocarrero.com\/#website","url":"https:\/\/iessoldeportocarrero.com\/","name":"IES SOL DE PORTOCARRERO - LA LABORAL","description":"INSTITUTO DE EDUCACI\u00d3N SECUNDARIA Y FORMACI\u00d3N PROFESIONAL","potentialAction":[{"@type":"SearchAction","target":{"@type":"EntryPoint","urlTemplate":"https:\/\/iessoldeportocarrero.com\/?s={search_term_string}"},"query-input":"required name=search_term_string"}],"inLanguage":"es"}]}},"jetpack_sharing_enabled":true,"jetpack-related-posts":[{"id":2772,"url":"https:\/\/iessoldeportocarrero.com\/?page_id=2772","url_meta":{"origin":51,"position":0},"title":"50 ANIVERSARIO. UNIVERSIDAD LABORAL","author":"admin","date":"noviembre 19, 2024","format":false,"excerpt":"Toda la informaci\u00f3n relaci\u00f3nada con eventos relacionados con el 50 aniversario de estas instalaciones de la Universidad Laboral, edificio privilegiado galardonado por su dise\u00f1o y que ahora se transforma en IES SOL DE PORTOCARRERO.","rel":"","context":"Entrada similar","block_context":{"text":"Entrada similar","link":""},"img":{"alt_text":"","src":"","width":0,"height":0},"classes":[]},{"id":41,"url":"https:\/\/iessoldeportocarrero.com\/?page_id=41","url_meta":{"origin":51,"position":1},"title":"AMPA","author":"admin","date":"noviembre 3, 2022","format":false,"excerpt":"AMPA ALMARIYA Como miembros de la comunidad educativa del IES Sol de Portocarrero es muy importante que los padres y madres estemos en contacto con el centro y participemos en su organizaci\u00f3n y funcionamiento intentando mejorar el instituto en el que nuestros hijos e hijas pasan tanto tiempo. \u00a0 La\u2026","rel":"","context":"Entrada similar","block_context":{"text":"Entrada similar","link":""},"img":{"alt_text":"","src":"https:\/\/i0.wp.com\/iessoldeportocarrero.com\/wp-content\/uploads\/2024\/02\/ampa.png?resize=350%2C200&ssl=1","width":350,"height":200,"srcset":"https:\/\/i0.wp.com\/iessoldeportocarrero.com\/wp-content\/uploads\/2024\/02\/ampa.png?resize=350%2C200&ssl=1 1x, https:\/\/i0.wp.com\/iessoldeportocarrero.com\/wp-content\/uploads\/2024\/02\/ampa.png?resize=525%2C300&ssl=1 1.5x, https:\/\/i0.wp.com\/iessoldeportocarrero.com\/wp-content\/uploads\/2024\/02\/ampa.png?resize=700%2C400&ssl=1 2x"},"classes":[]},{"id":1938,"url":"https:\/\/iessoldeportocarrero.com\/?page_id=1938","url_meta":{"origin":51,"position":2},"title":"ERASMUS ESCOLAR","author":"admin","date":"enero 17, 2024","format":false,"excerpt":"El IES SOL DE PORTOCARRERO cuenta con una amplia trayectoria en proyectos Erasmus. Somos centro Acreditado en el \u00e1mbito de la educaci\u00f3n escolar (secundaria y bachillerato) y hemos enviado a profesorado y alumnado en el marco de acciones de movilidad europea. Actualmente seguimos trabajando en estos proyectos, tanto preparando movilidades\u2026","rel":"","context":"Entrada similar","block_context":{"text":"Entrada similar","link":""},"img":{"alt_text":"","src":"https:\/\/i0.wp.com\/iessoldeportocarrero.com\/wp-content\/uploads\/2025\/01\/LOGO-ERASMUS1.png?resize=350%2C200&ssl=1","width":350,"height":200},"classes":[]},{"id":39,"url":"https:\/\/iessoldeportocarrero.com\/?page_id=39","url_meta":{"origin":51,"position":3},"title":"Biblioteca","author":"admin","date":"noviembre 3, 2022","format":false,"excerpt":"Cat\u00e1logo \u00a0Aqu\u00ed ten\u00e9is el enlace a Biblioweb donde pod\u00e9is consultar el cat\u00e1logo de nuestra biblioteca:\u00a0 Biblioweb IES Sol de Portocarrero","rel":"","context":"Entrada similar","block_context":{"text":"Entrada similar","link":""},"img":{"alt_text":"libros1","src":"https:\/\/i0.wp.com\/blogsaverroes.juntadeandalucia.es\/iesoldeportocarrero\/files\/2014\/12\/libros1-300x246.png?resize=350%2C200","width":350,"height":200},"classes":[]},{"id":1085,"url":"https:\/\/iessoldeportocarrero.com\/?page_id=1085","url_meta":{"origin":51,"position":4},"title":"EL CENTRO","author":"admin","date":"abril 27, 2023","format":false,"excerpt":"Datos del centro Consejo Escolar Equipo Directivo Secretar\u00eda Plan de Centro Planes y programas Plan de Autoprotecci\u00f3n","rel":"","context":"Entrada similar","block_context":{"text":"Entrada similar","link":""},"img":{"alt_text":"","src":"","width":0,"height":0},"classes":[]},{"id":1156,"url":"https:\/\/iessoldeportocarrero.com\/?page_id=1156","url_meta":{"origin":51,"position":5},"title":"PLAN DE IGUALDAD","author":"admin","date":"mayo 3, 2023","format":false,"excerpt":"PLAN DE IGUALDAD IES SOL DE PORTOCARRERO Reproductor de v\u00eddeo 00:18 01:13Reproductor de v\u00eddeo 00:00 01:38Reproductor de v\u00eddeo 00:00 00:44Reproductor de v\u00eddeo 00:00 06:16Reproductor de v\u00eddeo 00:00 01:31Reproductor de v\u00eddeo 00:00 01:57","rel":"","context":"Entrada similar","block_context":{"text":"Entrada similar","link":""},"img":{"alt_text":"","src":"","width":0,"height":0},"classes":[]}],"_links":{"self":[{"href":"https:\/\/iessoldeportocarrero.com\/index.php?rest_route=\/wp\/v2\/pages\/51","targetHints":{"allow":["GET"]}}],"collection":[{"href":"https:\/\/iessoldeportocarrero.com\/index.php?rest_route=\/wp\/v2\/pages"}],"about":[{"href":"https:\/\/iessoldeportocarrero.com\/index.php?rest_route=\/wp\/v2\/types\/page"}],"author":[{"embeddable":true,"href":"https:\/\/iessoldeportocarrero.com\/index.php?rest_route=\/wp\/v2\/users\/1"}],"replies":[{"embeddable":true,"href":"https:\/\/iessoldeportocarrero.com\/index.php?rest_route=%2Fwp%2Fv2%2Fcomments&post=51"}],"version-history":[{"count":23,"href":"https:\/\/iessoldeportocarrero.com\/index.php?rest_route=\/wp\/v2\/pages\/51\/revisions"}],"predecessor-version":[{"id":3446,"href":"https:\/\/iessoldeportocarrero.com\/index.php?rest_route=\/wp\/v2\/pages\/51\/revisions\/3446"}],"up":[{"embeddable":true,"href":"https:\/\/iessoldeportocarrero.com\/index.php?rest_route=\/wp\/v2\/pages\/33"}],"wp:attachment":[{"href":"https:\/\/iessoldeportocarrero.com\/index.php?rest_route=%2Fwp%2Fv2%2Fmedia&parent=51"}],"curies":[{"name":"wp","href":"https:\/\/api.w.org\/{rel}","templated":true}]}}