{"id":45,"date":"2022-11-03T12:31:41","date_gmt":"2022-11-03T11:31:41","guid":{"rendered":"https:\/\/soldeportocarreroies.wordpress.com\/?page_id=45"},"modified":"2025-10-09T13:10:21","modified_gmt":"2025-10-09T11:10:21","slug":"documentos-profesorado","status":"publish","type":"page","link":"https:\/\/iessoldeportocarrero.com\/?page_id=45","title":{"rendered":"Documentos Profesorado"},"content":{"rendered":"","protected":true},"excerpt":{"rendered":"","protected":true},"author":1,"featured_media":0,"parent":0,"menu_order":0,"comment_status":"closed","ping_status":"closed","template":"","meta":{"footnotes":""},"class_list":["post-45","page","type-page","status-publish","post-password-required","hentry"],"yoast_head":"<!-- This site is optimized with the Yoast SEO plugin v19.14 - https:\/\/yoast.com\/wordpress\/plugins\/seo\/ -->\n<title>Documentos Profesorado - IES SOL DE PORTOCARRERO - LA LABORAL<\/title>\n<meta name=\"robots\" content=\"index, follow, max-snippet:-1, max-image-preview:large, max-video-preview:-1\" \/>\n<link rel=\"canonical\" href=\"https:\/\/iessoldeportocarrero.com\/?page_id=45\" \/>\n<meta property=\"og:locale\" content=\"es_ES\" \/>\n<meta property=\"og:type\" content=\"article\" \/>\n<meta property=\"og:title\" content=\"Documentos Profesorado - IES SOL DE PORTOCARRERO - LA LABORAL\" \/>\n<meta property=\"og:description\" content=\"No hay extracto porque es una entrada protegida.\" \/>\n<meta property=\"og:url\" content=\"https:\/\/iessoldeportocarrero.com\/?page_id=45\" \/>\n<meta property=\"og:site_name\" content=\"IES SOL DE PORTOCARRERO - LA LABORAL\" \/>\n<meta property=\"article:modified_time\" content=\"2025-10-09T11:10:21+00:00\" \/>\n<meta name=\"twitter:card\" content=\"summary_large_image\" \/>\n<meta name=\"twitter:label1\" content=\"Tiempo de lectura\" \/>\n\t<meta name=\"twitter:data1\" content=\"2 minutos\" \/>\n<script type=\"application\/ld+json\" class=\"yoast-schema-graph\">{\"@context\":\"https:\/\/schema.org\",\"@graph\":[{\"@type\":\"WebPage\",\"@id\":\"https:\/\/iessoldeportocarrero.com\/?page_id=45\",\"url\":\"https:\/\/iessoldeportocarrero.com\/?page_id=45\",\"name\":\"Documentos Profesorado - IES SOL DE PORTOCARRERO - LA LABORAL\",\"isPartOf\":{\"@id\":\"https:\/\/iessoldeportocarrero.com\/#website\"},\"datePublished\":\"2022-11-03T11:31:41+00:00\",\"dateModified\":\"2025-10-09T11:10:21+00:00\",\"breadcrumb\":{\"@id\":\"https:\/\/iessoldeportocarrero.com\/?page_id=45#breadcrumb\"},\"inLanguage\":\"es\"},{\"@type\":\"WebSite\",\"@id\":\"https:\/\/iessoldeportocarrero.com\/#website\",\"url\":\"https:\/\/iessoldeportocarrero.com\/\",\"name\":\"IES SOL DE PORTOCARRERO - LA LABORAL\",\"description\":\"INSTITUTO DE EDUCACI\u00d3N SECUNDARIA Y FORMACI\u00d3N PROFESIONAL\",\"potentialAction\":[{\"@type\":\"SearchAction\",\"target\":{\"@type\":\"EntryPoint\",\"urlTemplate\":\"https:\/\/iessoldeportocarrero.com\/?s={search_term_string}\"},\"query-input\":\"required name=search_term_string\"}],\"inLanguage\":\"es\"}]}<\/script>\n<!-- \/ Yoast SEO plugin. -->","yoast_head_json":{"title":"Documentos Profesorado - IES SOL DE PORTOCARRERO - LA LABORAL","robots":{"index":"index","follow":"follow","max-snippet":"max-snippet:-1","max-image-preview":"max-image-preview:large","max-video-preview":"max-video-preview:-1"},"canonical":"https:\/\/iessoldeportocarrero.com\/?page_id=45","og_locale":"es_ES","og_type":"article","og_title":"Documentos Profesorado - IES SOL DE PORTOCARRERO - LA LABORAL","og_description":"No hay extracto porque es una entrada protegida.","og_url":"https:\/\/iessoldeportocarrero.com\/?page_id=45","og_site_name":"IES SOL DE PORTOCARRERO - LA LABORAL","article_modified_time":"2025-10-09T11:10:21+00:00","twitter_card":"summary_large_image","twitter_misc":{"Tiempo de lectura":"2 minutos"},"schema":{"@context":"https:\/\/schema.org","@graph":[{"@type":"WebPage","@id":"https:\/\/iessoldeportocarrero.com\/?page_id=45","url":"https:\/\/iessoldeportocarrero.com\/?page_id=45","name":"Documentos Profesorado - IES SOL DE PORTOCARRERO - LA LABORAL","isPartOf":{"@id":"https:\/\/iessoldeportocarrero.com\/#website"},"datePublished":"2022-11-03T11:31:41+00:00","dateModified":"2025-10-09T11:10:21+00:00","breadcrumb":{"@id":"https:\/\/iessoldeportocarrero.com\/?page_id=45#breadcrumb"},"inLanguage":"es"},{"@type":"WebSite","@id":"https:\/\/iessoldeportocarrero.com\/#website","url":"https:\/\/iessoldeportocarrero.com\/","name":"IES SOL DE PORTOCARRERO - LA LABORAL","description":"INSTITUTO DE EDUCACI\u00d3N SECUNDARIA Y FORMACI\u00d3N PROFESIONAL","potentialAction":[{"@type":"SearchAction","target":{"@type":"EntryPoint","urlTemplate":"https:\/\/iessoldeportocarrero.com\/?s={search_term_string}"},"query-input":"required name=search_term_string"}],"inLanguage":"es"}]}},"jetpack_sharing_enabled":true,"jetpack-related-posts":[{"id":161,"url":"https:\/\/iessoldeportocarrero.com\/?page_id=161","url_meta":{"origin":45,"position":0},"title":"Documentos Recursos TIC","author":"admin","date":"noviembre 10, 2022","format":false,"excerpt":"","rel":"","context":"Entrada similar","block_context":{"text":"Entrada similar","link":""},"img":{"alt_text":"","src":"","width":0,"height":0},"classes":[]},{"id":1134,"url":"https:\/\/iessoldeportocarrero.com\/?page_id=1134","url_meta":{"origin":45,"position":1},"title":"Programa de centro biling\u00fce \u2013 Ingl\u00e9s","author":"admin","date":"abril 28, 2023","format":false,"excerpt":"Vivimos en una sociedad necesariamente pluriling\u00fce en un mundo globalizado. En este contexto, el ingl\u00e9s cobra una importancia esencial en su condici\u00f3n de lengua com\u00fan usada internacionalmente en el \u00e1mbito de la ciencia, la cultura, los negocios o el turismo, entre otros. La ense\u00f1anza biling\u00fce en nuestro centro es en\u2026","rel":"","context":"Entrada similar","block_context":{"text":"Entrada similar","link":""},"img":{"alt_text":"","src":"https:\/\/i0.wp.com\/iessoldeportocarrero.com\/wp-content\/uploads\/2023\/12\/CENTRO-BILINGUE.png?resize=350%2C200&ssl=1","width":350,"height":200,"srcset":"https:\/\/i0.wp.com\/iessoldeportocarrero.com\/wp-content\/uploads\/2023\/12\/CENTRO-BILINGUE.png?resize=350%2C200&ssl=1 1x, https:\/\/i0.wp.com\/iessoldeportocarrero.com\/wp-content\/uploads\/2023\/12\/CENTRO-BILINGUE.png?resize=525%2C300&ssl=1 1.5x, https:\/\/i0.wp.com\/iessoldeportocarrero.com\/wp-content\/uploads\/2023\/12\/CENTRO-BILINGUE.png?resize=700%2C400&ssl=1 2x, https:\/\/i0.wp.com\/iessoldeportocarrero.com\/wp-content\/uploads\/2023\/12\/CENTRO-BILINGUE.png?resize=1050%2C600&ssl=1 3x"},"classes":[]},{"id":3234,"url":"https:\/\/iessoldeportocarrero.com\/?page_id=3234","url_meta":{"origin":45,"position":2},"title":"ESCUELA DE FAMILIAS","author":"admin","date":"mayo 23, 2025","format":false,"excerpt":"\u00a1Bienvenidos a nuestra Escuela de Familias! Este es vuestro espacio, un rinc\u00f3n donde encontrar\u00e9is apoyo y recursos para acompa\u00f1ar a vuestros hijos adolescentes en ese viaje incre\u00edble que es crecer. Estamos convencidos de que la coeducaci\u00f3n es la clave para que construyamos juntos un mundo m\u00e1s justo e igualitario, y\u2026","rel":"","context":"Entrada similar","block_context":{"text":"Entrada similar","link":""},"img":{"alt_text":"","src":"https:\/\/i0.wp.com\/iessoldeportocarrero.com\/wp-content\/uploads\/2025\/05\/escueladefamilias-e1747988079562.jpg?resize=350%2C200&ssl=1","width":350,"height":200},"classes":[]},{"id":153,"url":"https:\/\/iessoldeportocarrero.com\/?page_id=153","url_meta":{"origin":45,"position":3},"title":"Documentos Emergencias","author":"admin","date":"noviembre 10, 2022","format":false,"excerpt":"DOCUMENTACI\u00d3N","rel":"","context":"Entrada similar","block_context":{"text":"Entrada similar","link":""},"img":{"alt_text":"","src":"","width":0,"height":0},"classes":[]},{"id":159,"url":"https:\/\/iessoldeportocarrero.com\/?page_id=159","url_meta":{"origin":45,"position":4},"title":"Documentos Planos acceso alumnado\/recreo\/aseos","author":"admin","date":"noviembre 10, 2022","format":false,"excerpt":"","rel":"","context":"Entrada similar","block_context":{"text":"Entrada similar","link":""},"img":{"alt_text":"","src":"","width":0,"height":0},"classes":[]},{"id":146,"url":"https:\/\/iessoldeportocarrero.com\/?page_id=146","url_meta":{"origin":45,"position":5},"title":"Documentos Alumnado\/Familia","author":"admin","date":"noviembre 10, 2022","format":false,"excerpt":"","rel":"","context":"Entrada similar","block_context":{"text":"Entrada similar","link":""},"img":{"alt_text":"","src":"","width":0,"height":0},"classes":[]}],"_links":{"self":[{"href":"https:\/\/iessoldeportocarrero.com\/index.php?rest_route=\/wp\/v2\/pages\/45","targetHints":{"allow":["GET"]}}],"collection":[{"href":"https:\/\/iessoldeportocarrero.com\/index.php?rest_route=\/wp\/v2\/pages"}],"about":[{"href":"https:\/\/iessoldeportocarrero.com\/index.php?rest_route=\/wp\/v2\/types\/page"}],"author":[{"embeddable":true,"href":"https:\/\/iessoldeportocarrero.com\/index.php?rest_route=\/wp\/v2\/users\/1"}],"replies":[{"embeddable":true,"href":"https:\/\/iessoldeportocarrero.com\/index.php?rest_route=%2Fwp%2Fv2%2Fcomments&post=45"}],"version-history":[{"count":36,"href":"https:\/\/iessoldeportocarrero.com\/index.php?rest_route=\/wp\/v2\/pages\/45\/revisions"}],"predecessor-version":[{"id":3476,"href":"https:\/\/iessoldeportocarrero.com\/index.php?rest_route=\/wp\/v2\/pages\/45\/revisions\/3476"}],"wp:attachment":[{"href":"https:\/\/iessoldeportocarrero.com\/index.php?rest_route=%2Fwp%2Fv2%2Fmedia&parent=45"}],"curies":[{"name":"wp","href":"https:\/\/api.w.org\/{rel}","templated":true}]}}