{"id":1957,"date":"2024-01-17T09:19:29","date_gmt":"2024-01-17T08:19:29","guid":{"rendered":"https:\/\/iessoldeportocarrero.com\/?page_id=1957"},"modified":"2024-01-17T09:31:18","modified_gmt":"2024-01-17T08:31:18","slug":"erasmus-f-p-grado-superior","status":"publish","type":"page","link":"https:\/\/iessoldeportocarrero.com\/?page_id=1957","title":{"rendered":"ERASMUS F.P. GRADO SUPERIOR"},"content":{"rendered":"\n<figure class=\"wp-block-image size-full\"><img decoding=\"async\" width=\"195\" height=\"183\" src=\"https:\/\/iessoldeportocarrero.com\/wp-content\/uploads\/2024\/01\/pagina-en-construccion-1.jpeg\" alt=\"\" class=\"wp-image-1966\"\/><\/figure>\n","protected":false},"excerpt":{"rendered":"","protected":false},"author":1,"featured_media":0,"parent":0,"menu_order":0,"comment_status":"closed","ping_status":"closed","template":"","meta":{"footnotes":""},"class_list":["post-1957","page","type-page","status-publish","hentry"],"yoast_head":"<!-- This site is optimized with the Yoast SEO plugin v19.14 - https:\/\/yoast.com\/wordpress\/plugins\/seo\/ -->\n<title>ERASMUS F.P. GRADO SUPERIOR - IES SOL DE PORTOCARRERO - LA LABORAL<\/title>\n<meta name=\"robots\" content=\"index, follow, max-snippet:-1, max-image-preview:large, max-video-preview:-1\" \/>\n<link rel=\"canonical\" href=\"https:\/\/iessoldeportocarrero.com\/?page_id=1957\" \/>\n<meta property=\"og:locale\" content=\"es_ES\" \/>\n<meta property=\"og:type\" content=\"article\" \/>\n<meta property=\"og:title\" content=\"ERASMUS F.P. GRADO SUPERIOR - IES SOL DE PORTOCARRERO - LA LABORAL\" \/>\n<meta property=\"og:url\" content=\"https:\/\/iessoldeportocarrero.com\/?page_id=1957\" \/>\n<meta property=\"og:site_name\" content=\"IES SOL DE PORTOCARRERO - LA LABORAL\" \/>\n<meta property=\"article:modified_time\" content=\"2024-01-17T08:31:18+00:00\" \/>\n<meta property=\"og:image\" content=\"https:\/\/iessoldeportocarrero.com\/wp-content\/uploads\/2024\/01\/pagina-en-construccion-1.jpeg\" \/>\n<meta name=\"twitter:card\" content=\"summary_large_image\" \/>\n<script type=\"application\/ld+json\" class=\"yoast-schema-graph\">{\"@context\":\"https:\/\/schema.org\",\"@graph\":[{\"@type\":\"WebPage\",\"@id\":\"https:\/\/iessoldeportocarrero.com\/?page_id=1957\",\"url\":\"https:\/\/iessoldeportocarrero.com\/?page_id=1957\",\"name\":\"ERASMUS F.P. GRADO SUPERIOR - IES SOL DE PORTOCARRERO - LA LABORAL\",\"isPartOf\":{\"@id\":\"https:\/\/iessoldeportocarrero.com\/#website\"},\"datePublished\":\"2024-01-17T08:19:29+00:00\",\"dateModified\":\"2024-01-17T08:31:18+00:00\",\"breadcrumb\":{\"@id\":\"https:\/\/iessoldeportocarrero.com\/?page_id=1957#breadcrumb\"},\"inLanguage\":\"es\",\"potentialAction\":[{\"@type\":\"ReadAction\",\"target\":[\"https:\/\/iessoldeportocarrero.com\/?page_id=1957\"]}]},{\"@type\":\"BreadcrumbList\",\"@id\":\"https:\/\/iessoldeportocarrero.com\/?page_id=1957#breadcrumb\",\"itemListElement\":[{\"@type\":\"ListItem\",\"position\":1,\"name\":\"Home\",\"item\":\"https:\/\/iessoldeportocarrero.com\/\"},{\"@type\":\"ListItem\",\"position\":2,\"name\":\"ERASMUS F.P. GRADO SUPERIOR\"}]},{\"@type\":\"WebSite\",\"@id\":\"https:\/\/iessoldeportocarrero.com\/#website\",\"url\":\"https:\/\/iessoldeportocarrero.com\/\",\"name\":\"IES SOL DE PORTOCARRERO - LA LABORAL\",\"description\":\"INSTITUTO DE EDUCACI\u00d3N SECUNDARIA Y FORMACI\u00d3N PROFESIONAL\",\"potentialAction\":[{\"@type\":\"SearchAction\",\"target\":{\"@type\":\"EntryPoint\",\"urlTemplate\":\"https:\/\/iessoldeportocarrero.com\/?s={search_term_string}\"},\"query-input\":\"required name=search_term_string\"}],\"inLanguage\":\"es\"}]}<\/script>\n<!-- \/ Yoast SEO plugin. -->","yoast_head_json":{"title":"ERASMUS F.P. GRADO SUPERIOR - IES SOL DE PORTOCARRERO - LA LABORAL","robots":{"index":"index","follow":"follow","max-snippet":"max-snippet:-1","max-image-preview":"max-image-preview:large","max-video-preview":"max-video-preview:-1"},"canonical":"https:\/\/iessoldeportocarrero.com\/?page_id=1957","og_locale":"es_ES","og_type":"article","og_title":"ERASMUS F.P. GRADO SUPERIOR - IES SOL DE PORTOCARRERO - LA LABORAL","og_url":"https:\/\/iessoldeportocarrero.com\/?page_id=1957","og_site_name":"IES SOL DE PORTOCARRERO - LA LABORAL","article_modified_time":"2024-01-17T08:31:18+00:00","og_image":[{"url":"https:\/\/iessoldeportocarrero.com\/wp-content\/uploads\/2024\/01\/pagina-en-construccion-1.jpeg"}],"twitter_card":"summary_large_image","schema":{"@context":"https:\/\/schema.org","@graph":[{"@type":"WebPage","@id":"https:\/\/iessoldeportocarrero.com\/?page_id=1957","url":"https:\/\/iessoldeportocarrero.com\/?page_id=1957","name":"ERASMUS F.P. GRADO SUPERIOR - IES SOL DE PORTOCARRERO - LA LABORAL","isPartOf":{"@id":"https:\/\/iessoldeportocarrero.com\/#website"},"datePublished":"2024-01-17T08:19:29+00:00","dateModified":"2024-01-17T08:31:18+00:00","breadcrumb":{"@id":"https:\/\/iessoldeportocarrero.com\/?page_id=1957#breadcrumb"},"inLanguage":"es","potentialAction":[{"@type":"ReadAction","target":["https:\/\/iessoldeportocarrero.com\/?page_id=1957"]}]},{"@type":"BreadcrumbList","@id":"https:\/\/iessoldeportocarrero.com\/?page_id=1957#breadcrumb","itemListElement":[{"@type":"ListItem","position":1,"name":"Home","item":"https:\/\/iessoldeportocarrero.com\/"},{"@type":"ListItem","position":2,"name":"ERASMUS F.P. GRADO SUPERIOR"}]},{"@type":"WebSite","@id":"https:\/\/iessoldeportocarrero.com\/#website","url":"https:\/\/iessoldeportocarrero.com\/","name":"IES SOL DE PORTOCARRERO - LA LABORAL","description":"INSTITUTO DE EDUCACI\u00d3N SECUNDARIA Y FORMACI\u00d3N PROFESIONAL","potentialAction":[{"@type":"SearchAction","target":{"@type":"EntryPoint","urlTemplate":"https:\/\/iessoldeportocarrero.com\/?s={search_term_string}"},"query-input":"required name=search_term_string"}],"inLanguage":"es"}]}},"jetpack_sharing_enabled":true,"jetpack-related-posts":[{"id":1953,"url":"https:\/\/iessoldeportocarrero.com\/?page_id=1953","url_meta":{"origin":1957,"position":0},"title":"ERASMUS F.P. GRADO MEDIO","author":"admin","date":"enero 17, 2024","format":false,"excerpt":"","rel":"","context":"Entrada similar","block_context":{"text":"Entrada similar","link":""},"img":{"alt_text":"","src":"https:\/\/i0.wp.com\/iessoldeportocarrero.com\/wp-content\/uploads\/2024\/04\/erasmus-agraria.png?resize=350%2C200&ssl=1","width":350,"height":200,"srcset":"https:\/\/i0.wp.com\/iessoldeportocarrero.com\/wp-content\/uploads\/2024\/04\/erasmus-agraria.png?resize=350%2C200&ssl=1 1x, https:\/\/i0.wp.com\/iessoldeportocarrero.com\/wp-content\/uploads\/2024\/04\/erasmus-agraria.png?resize=525%2C300&ssl=1 1.5x"},"classes":[]},{"id":142,"url":"https:\/\/iessoldeportocarrero.com\/?page_id=142","url_meta":{"origin":1957,"position":1},"title":"Erasmus+ FP Grado Superior","author":"admin","date":"noviembre 10, 2022","format":false,"excerpt":"","rel":"","context":"Entrada similar","block_context":{"text":"Entrada similar","link":""},"img":{"alt_text":"","src":"","width":0,"height":0},"classes":[]},{"id":51,"url":"https:\/\/iessoldeportocarrero.com\/?page_id=51","url_meta":{"origin":1957,"position":2},"title":"Datos del centro","author":"admin","date":"noviembre 10, 2022","format":false,"excerpt":"I.E.S.L SOL DE PORTOCARRERO-LA LABORAL C\u00f3digo del centro: 04700107 Direcci\u00f3n:\u00a0Carretera de N\u00edjar Km 7, 04120, La Ca\u00f1ada de San Urbano, Almer\u00edaTel\u00e9fono:\u00a0950156950 \u00a0 Email:\u00a004700107.edu@juntadeandalucia.es Horarios del centro Horario lectivo : 8:15 a 14:45 Un recreo: 11:15 a 11:45. PRESENTACI\u00d3N DE NUESTRO CENTRO presentacion_ies_sol_de_portocarrero_almeriaDescarga E.S.O ENSE\u00d1ANZA BILINGUE- INGL\u00c9S Plan TDE S Bbliotecas\u2026","rel":"","context":"Entrada similar","block_context":{"text":"Entrada similar","link":""},"img":{"alt_text":"","src":"https:\/\/i0.wp.com\/iessoldeportocarrero.com\/wp-content\/uploads\/2025\/09\/loGO_LABORAL.png?resize=350%2C200&ssl=1","width":350,"height":200,"srcset":"https:\/\/i0.wp.com\/iessoldeportocarrero.com\/wp-content\/uploads\/2025\/09\/loGO_LABORAL.png?resize=350%2C200&ssl=1 1x, https:\/\/i0.wp.com\/iessoldeportocarrero.com\/wp-content\/uploads\/2025\/09\/loGO_LABORAL.png?resize=525%2C300&ssl=1 1.5x, https:\/\/i0.wp.com\/iessoldeportocarrero.com\/wp-content\/uploads\/2025\/09\/loGO_LABORAL.png?resize=700%2C400&ssl=1 2x"},"classes":[]},{"id":1950,"url":"https:\/\/iessoldeportocarrero.com\/?page_id=1950","url_meta":{"origin":1957,"position":3},"title":"ERASMUS","author":"admin","date":"enero 17, 2024","format":false,"excerpt":"Centro acreditado para distintas etapas: ESCOLAR, FORMACI\u00d3N PROFESIONAL GRADO MEDIO Y SUPERIOR. ESCOLAR FP.GRADO MEDIO FP GRADO SUPERIOR Para mayor informaci\u00f3n sobre el Programa ERASMUS+ puede acceder la web de SEPIE","rel":"","context":"Entrada similar","block_context":{"text":"Entrada similar","link":""},"img":{"alt_text":"","src":"https:\/\/i0.wp.com\/iessoldeportocarrero.com\/wp-content\/uploads\/2024\/01\/CENTRO-ERASMUS.jpeg?resize=350%2C200&ssl=1","width":350,"height":200},"classes":[]},{"id":81,"url":"https:\/\/iessoldeportocarrero.com\/?page_id=81","url_meta":{"origin":1957,"position":4},"title":"Actividades F\u00edsicas","author":"admin","date":"noviembre 10, 2022","format":false,"excerpt":"Documentaci\u00f3n https:\/\/youtu.be\/bPu7CwBkYfU A continuaci\u00f3n os presentamos una serie de v\u00eddeos promocionales de los ciclos formativos que se imparten en el centro VIDEO PROMOCIONAL DEL CICLO FORMATIVO DE GRADO SUPERIOR DE T\u00c9CNICO EN ENSE\u00d1ANZA Y ANIMACI\u00d3N SOCIODEPORTIVA https:\/\/drive.google.com\/file\/d\/1dMxyAZQdMw8sAWQzpyF9pkpJ3afkkuNa\/view?usp=share_link VIDEO PROMOCIONAL DEL CICLO DE GRADO SUPERIOR ACONDICIONAMIENTO F\u00cdSICO https:\/\/drive.google.com\/file\/d\/13yunfnrqxJjlML9dclpJ3oN8qvmSMKm5\/view?usp=share_link VIDEO PROMOCIONAL DEL\u2026","rel":"","context":"Entrada similar","block_context":{"text":"Entrada similar","link":""},"img":{"alt_text":"","src":"https:\/\/i0.wp.com\/iessoldeportocarrero.com\/wp-content\/uploads\/2025\/06\/ef2-150x150.png?resize=350%2C200&ssl=1","width":350,"height":200},"classes":[]},{"id":140,"url":"https:\/\/iessoldeportocarrero.com\/?page_id=140","url_meta":{"origin":1957,"position":5},"title":"Erasmus+ IHMB","author":"admin","date":"noviembre 10, 2022","format":false,"excerpt":"","rel":"","context":"Entrada similar","block_context":{"text":"Entrada similar","link":""},"img":{"alt_text":"","src":"","width":0,"height":0},"classes":[]}],"_links":{"self":[{"href":"https:\/\/iessoldeportocarrero.com\/index.php?rest_route=\/wp\/v2\/pages\/1957","targetHints":{"allow":["GET"]}}],"collection":[{"href":"https:\/\/iessoldeportocarrero.com\/index.php?rest_route=\/wp\/v2\/pages"}],"about":[{"href":"https:\/\/iessoldeportocarrero.com\/index.php?rest_route=\/wp\/v2\/types\/page"}],"author":[{"embeddable":true,"href":"https:\/\/iessoldeportocarrero.com\/index.php?rest_route=\/wp\/v2\/users\/1"}],"replies":[{"embeddable":true,"href":"https:\/\/iessoldeportocarrero.com\/index.php?rest_route=%2Fwp%2Fv2%2Fcomments&post=1957"}],"version-history":[{"count":2,"href":"https:\/\/iessoldeportocarrero.com\/index.php?rest_route=\/wp\/v2\/pages\/1957\/revisions"}],"predecessor-version":[{"id":1967,"href":"https:\/\/iessoldeportocarrero.com\/index.php?rest_route=\/wp\/v2\/pages\/1957\/revisions\/1967"}],"wp:attachment":[{"href":"https:\/\/iessoldeportocarrero.com\/index.php?rest_route=%2Fwp%2Fv2%2Fmedia&parent=1957"}],"curies":[{"name":"wp","href":"https:\/\/api.w.org\/{rel}","templated":true}]}}

<!-- This site is optimized with the Yoast SEO plugin v19.14 - https://yoast.com/wordpress/plugins/seo/ -->
<title>ERASMUS F.P. GRADO SUPERIOR - IES SOL DE PORTOCARRERO - LA LABORAL</title>
<meta name="robots" content="index, follow, max-snippet:-1, max-image-preview:large, max-video-preview:-1" />
<link rel="canonical" href="https://iessoldeportocarrero.com/?page_id=1957" />
<meta property="og:locale" content="es_ES" />
<meta property="og:type" content="article" />
<meta property="og:title" content="ERASMUS F.P. GRADO SUPERIOR - IES SOL DE PORTOCARRERO - LA LABORAL" />
<meta property="og:url" content="https://iessoldeportocarrero.com/?page_id=1957" />
<meta property="og:site_name" content="IES SOL DE PORTOCARRERO - LA LABORAL" />
<meta property="article:modified_time" content="2024-01-17T08:31:18+00:00" />
<meta property="og:image" content="https://iessoldeportocarrero.com/wp-content/uploads/2024/01/pagina-en-construccion-1.jpeg" />
<meta name="twitter:card" content="summary_large_image" />
<script type="application/ld+json" class="yoast-schema-graph">{"@context":"https://schema.org","@graph":[{"@type":"WebPage","@id":"https://iessoldeportocarrero.com/?page_id=1957","url":"https://iessoldeportocarrero.com/?page_id=1957","name":"ERASMUS F.P. GRADO SUPERIOR - IES SOL DE PORTOCARRERO - LA LABORAL","isPartOf":{"@id":"https://iessoldeportocarrero.com/#website"},"datePublished":"2024-01-17T08:19:29+00:00","dateModified":"2024-01-17T08:31:18+00:00","breadcrumb":{"@id":"https://iessoldeportocarrero.com/?page_id=1957#breadcrumb"},"inLanguage":"es","potentialAction":[{"@type":"ReadAction","target":["https://iessoldeportocarrero.com/?page_id=1957"]}]},{"@type":"BreadcrumbList","@id":"https://iessoldeportocarrero.com/?page_id=1957#breadcrumb","itemListElement":[{"@type":"ListItem","position":1,"name":"Home","item":"https://iessoldeportocarrero.com/"},{"@type":"ListItem","position":2,"name":"ERASMUS F.P. GRADO SUPERIOR"}]},{"@type":"WebSite","@id":"https://iessoldeportocarrero.com/#website","url":"https://iessoldeportocarrero.com/","name":"IES SOL DE PORTOCARRERO - LA LABORAL","description":"INSTITUTO DE EDUCACIÓN SECUNDARIA Y FORMACIÓN PROFESIONAL","potentialAction":[{"@type":"SearchAction","target":{"@type":"EntryPoint","urlTemplate":"https://iessoldeportocarrero.com/?s={search_term_string}"},"query-input":"required name=search_term_string"}],"inLanguage":"es"}]}</script>
<!-- / Yoast SEO plugin. -->

INSTITUTO DE EDUCACIÓN SECUNDARIA Y FORMACIÓN PROFESIONAL

I.E.S.L SOL DE PORTOCARRERO-LA LABORAL Código del centro: 04700107 Dirección: Carretera de Níjar Km 7, 04120, La Cañada de San Urbano, AlmeríaTeléfono: 950156950   Email: 04700107.edu@juntadeandalucia.es Horarios del centro Horario lectivo : 8:15 a 14:45 Un recreo: 11:15 a 11:45. PRESENTACIÓN DE NUESTRO CENTRO presentacion_ies_sol_de_portocarrero_almeriaDescarga E.S.O ENSEÑANZA BILINGUE- INGLÉS Plan TDE S Bbliotecas…

Centro acreditado para distintas etapas: ESCOLAR, FORMACIÓN PROFESIONAL GRADO MEDIO Y SUPERIOR. ESCOLAR FP.GRADO MEDIO FP GRADO SUPERIOR Para mayor información sobre el Programa ERASMUS+ puede acceder la web de SEPIE

Actividades Físicas

Documentación https://youtu.be/bPu7CwBkYfU A continuación os presentamos una serie de vídeos promocionales de los ciclos formativos que se imparten en el centro VIDEO PROMOCIONAL DEL CICLO FORMATIVO DE GRADO SUPERIOR DE TÉCNICO EN ENSEÑANZA Y ANIMACIÓN SOCIODEPORTIVA https://drive.google.com/file/d/1dMxyAZQdMw8sAWQzpyF9pkpJ3afkkuNa/view?usp=share_link VIDEO PROMOCIONAL DEL CICLO DE GRADO SUPERIOR ACONDICIONAMIENTO FÍSICO https://drive.google.com/file/d/13yunfnrqxJjlML9dclpJ3oN8qvmSMKm5/view?usp=share_link VIDEO PROMOCIONAL DEL…
