{"id":151,"date":"2022-11-10T12:15:08","date_gmt":"2022-11-10T11:15:08","guid":{"rendered":"https:\/\/soldeportocarreroies.wordpress.com\/?page_id=151"},"modified":"2023-05-16T12:02:02","modified_gmt":"2023-05-16T10:02:02","slug":"doc-plan-de-acogida","status":"publish","type":"page","link":"https:\/\/iessoldeportocarrero.com\/?page_id=151","title":{"rendered":"Documentos Plan de Acogida"},"content":{"rendered":"\n<p>Plan de acogida: <a href=\"https:\/\/drive.google.com\/drive\/folders\/1wtd6ROjNZ7K10R8ygnPoseYGnXSeUE3L?usp=sharing\" target=\"_blank\" rel=\"noreferrer noopener\">DOCUMENTACI\u00d3N<\/a><\/p>\n","protected":false},"excerpt":{"rendered":"<p>Plan de acogida: DOCUMENTACI\u00d3N<\/p>\n","protected":false},"author":1,"featured_media":0,"parent":146,"menu_order":0,"comment_status":"closed","ping_status":"closed","template":"","meta":{"footnotes":""},"class_list":["post-151","page","type-page","status-publish","hentry"],"yoast_head":"<!-- This site is optimized with the Yoast SEO plugin v19.14 - https:\/\/yoast.com\/wordpress\/plugins\/seo\/ -->\n<title>Documentos Plan de Acogida - IES SOL DE PORTOCARRERO - LA LABORAL<\/title>\n<meta name=\"robots\" content=\"index, follow, max-snippet:-1, max-image-preview:large, max-video-preview:-1\" \/>\n<link rel=\"canonical\" href=\"https:\/\/iessoldeportocarrero.com\/?page_id=151\" \/>\n<meta property=\"og:locale\" content=\"es_ES\" \/>\n<meta property=\"og:type\" content=\"article\" \/>\n<meta property=\"og:title\" content=\"Documentos Plan de Acogida - IES SOL DE PORTOCARRERO - LA LABORAL\" \/>\n<meta property=\"og:description\" content=\"Plan de acogida: DOCUMENTACI\u00d3N\" \/>\n<meta property=\"og:url\" content=\"https:\/\/iessoldeportocarrero.com\/?page_id=151\" \/>\n<meta property=\"og:site_name\" content=\"IES SOL DE PORTOCARRERO - LA LABORAL\" \/>\n<meta property=\"article:modified_time\" content=\"2023-05-16T10:02:02+00:00\" \/>\n<meta name=\"twitter:card\" content=\"summary_large_image\" \/>\n<script type=\"application\/ld+json\" class=\"yoast-schema-graph\">{\"@context\":\"https:\/\/schema.org\",\"@graph\":[{\"@type\":\"WebPage\",\"@id\":\"https:\/\/iessoldeportocarrero.com\/?page_id=151\",\"url\":\"https:\/\/iessoldeportocarrero.com\/?page_id=151\",\"name\":\"Documentos Plan de Acogida - IES SOL DE PORTOCARRERO - LA LABORAL\",\"isPartOf\":{\"@id\":\"https:\/\/iessoldeportocarrero.com\/#website\"},\"datePublished\":\"2022-11-10T11:15:08+00:00\",\"dateModified\":\"2023-05-16T10:02:02+00:00\",\"breadcrumb\":{\"@id\":\"https:\/\/iessoldeportocarrero.com\/?page_id=151#breadcrumb\"},\"inLanguage\":\"es\",\"potentialAction\":[{\"@type\":\"ReadAction\",\"target\":[\"https:\/\/iessoldeportocarrero.com\/?page_id=151\"]}]},{\"@type\":\"BreadcrumbList\",\"@id\":\"https:\/\/iessoldeportocarrero.com\/?page_id=151#breadcrumb\",\"itemListElement\":[{\"@type\":\"ListItem\",\"position\":1,\"name\":\"Home\",\"item\":\"https:\/\/iessoldeportocarrero.com\/\"},{\"@type\":\"ListItem\",\"position\":2,\"name\":\"Alumnado\/Familias\",\"item\":\"https:\/\/iessoldeportocarrero.com\/?page_id=37\"},{\"@type\":\"ListItem\",\"position\":3,\"name\":\"Documentos Alumnado\/Familia\",\"item\":\"https:\/\/iessoldeportocarrero.com\/?page_id=146\"},{\"@type\":\"ListItem\",\"position\":4,\"name\":\"Documentos Plan de Acogida\"}]},{\"@type\":\"WebSite\",\"@id\":\"https:\/\/iessoldeportocarrero.com\/#website\",\"url\":\"https:\/\/iessoldeportocarrero.com\/\",\"name\":\"IES SOL DE PORTOCARRERO - LA LABORAL\",\"description\":\"INSTITUTO DE EDUCACI\u00d3N SECUNDARIA Y FORMACI\u00d3N PROFESIONAL\",\"potentialAction\":[{\"@type\":\"SearchAction\",\"target\":{\"@type\":\"EntryPoint\",\"urlTemplate\":\"https:\/\/iessoldeportocarrero.com\/?s={search_term_string}\"},\"query-input\":\"required name=search_term_string\"}],\"inLanguage\":\"es\"}]}<\/script>\n<!-- \/ Yoast SEO plugin. -->","yoast_head_json":{"title":"Documentos Plan de Acogida - IES SOL DE PORTOCARRERO - LA LABORAL","robots":{"index":"index","follow":"follow","max-snippet":"max-snippet:-1","max-image-preview":"max-image-preview:large","max-video-preview":"max-video-preview:-1"},"canonical":"https:\/\/iessoldeportocarrero.com\/?page_id=151","og_locale":"es_ES","og_type":"article","og_title":"Documentos Plan de Acogida - IES SOL DE PORTOCARRERO - LA LABORAL","og_description":"Plan de acogida: DOCUMENTACI\u00d3N","og_url":"https:\/\/iessoldeportocarrero.com\/?page_id=151","og_site_name":"IES SOL DE PORTOCARRERO - LA LABORAL","article_modified_time":"2023-05-16T10:02:02+00:00","twitter_card":"summary_large_image","schema":{"@context":"https:\/\/schema.org","@graph":[{"@type":"WebPage","@id":"https:\/\/iessoldeportocarrero.com\/?page_id=151","url":"https:\/\/iessoldeportocarrero.com\/?page_id=151","name":"Documentos Plan de Acogida - IES SOL DE PORTOCARRERO - LA LABORAL","isPartOf":{"@id":"https:\/\/iessoldeportocarrero.com\/#website"},"datePublished":"2022-11-10T11:15:08+00:00","dateModified":"2023-05-16T10:02:02+00:00","breadcrumb":{"@id":"https:\/\/iessoldeportocarrero.com\/?page_id=151#breadcrumb"},"inLanguage":"es","potentialAction":[{"@type":"ReadAction","target":["https:\/\/iessoldeportocarrero.com\/?page_id=151"]}]},{"@type":"BreadcrumbList","@id":"https:\/\/iessoldeportocarrero.com\/?page_id=151#breadcrumb","itemListElement":[{"@type":"ListItem","position":1,"name":"Home","item":"https:\/\/iessoldeportocarrero.com\/"},{"@type":"ListItem","position":2,"name":"Alumnado\/Familias","item":"https:\/\/iessoldeportocarrero.com\/?page_id=37"},{"@type":"ListItem","position":3,"name":"Documentos Alumnado\/Familia","item":"https:\/\/iessoldeportocarrero.com\/?page_id=146"},{"@type":"ListItem","position":4,"name":"Documentos Plan de Acogida"}]},{"@type":"WebSite","@id":"https:\/\/iessoldeportocarrero.com\/#website","url":"https:\/\/iessoldeportocarrero.com\/","name":"IES SOL DE PORTOCARRERO - LA LABORAL","description":"INSTITUTO DE EDUCACI\u00d3N SECUNDARIA Y FORMACI\u00d3N PROFESIONAL","potentialAction":[{"@type":"SearchAction","target":{"@type":"EntryPoint","urlTemplate":"https:\/\/iessoldeportocarrero.com\/?s={search_term_string}"},"query-input":"required name=search_term_string"}],"inLanguage":"es"}]}},"jetpack_sharing_enabled":true,"jetpack-related-posts":[{"id":1094,"url":"https:\/\/iessoldeportocarrero.com\/?page_id=1094","url_meta":{"origin":151,"position":0},"title":"PLAN DE CENTRO","author":"admin","date":"abril 27, 2023","format":false,"excerpt":"Un centro se define en gran medida por su Plan de Centro. El plan de centro de un instituto lo componen el proyecto educativo, el reglamento de organizaci\u00f3n y funcionamiento y el proyecto de gesti\u00f3n.\u00a0 El Plan de Centro es un documento vivo que se debe ir actualizando cada a\u00f1o\u2026","rel":"","context":"Entrada similar","block_context":{"text":"Entrada similar","link":""},"img":{"alt_text":"","src":"https:\/\/i0.wp.com\/iessoldeportocarrero.com\/wp-content\/uploads\/2024\/02\/Documentos.jpg?resize=350%2C200&ssl=1","width":350,"height":200},"classes":[]},{"id":159,"url":"https:\/\/iessoldeportocarrero.com\/?page_id=159","url_meta":{"origin":151,"position":1},"title":"Documentos Planos acceso alumnado\/recreo\/aseos","author":"admin","date":"noviembre 10, 2022","format":false,"excerpt":"","rel":"","context":"Entrada similar","block_context":{"text":"Entrada similar","link":""},"img":{"alt_text":"","src":"","width":0,"height":0},"classes":[]},{"id":1100,"url":"https:\/\/iessoldeportocarrero.com\/?page_id=1100","url_meta":{"origin":151,"position":2},"title":"PLAN DE AUTOPROTECCI\u00d3N","author":"admin","date":"abril 27, 2023","format":false,"excerpt":"DOCUMENTACI\u00d3N En este enlace podr\u00e9is encontrar el plan de autoprotecci\u00f3n del centro, as\u00ed como materiales para la utilizaci\u00f3n en el aula y protocolos de actuaci\u00f3n ante emergencias. V\u00cdDEOS DIVULGATIVOS EL PLAN DE EMERGENCIA EN CENTROS ESCOLARES EVACUACI\u00d3N EN CENTROS ESCOLARES","rel":"","context":"Entrada similar","block_context":{"text":"Entrada similar","link":""},"img":{"alt_text":"","src":"","width":0,"height":0},"classes":[]},{"id":153,"url":"https:\/\/iessoldeportocarrero.com\/?page_id=153","url_meta":{"origin":151,"position":3},"title":"Documentos Emergencias","author":"admin","date":"noviembre 10, 2022","format":false,"excerpt":"DOCUMENTACI\u00d3N","rel":"","context":"Entrada similar","block_context":{"text":"Entrada similar","link":""},"img":{"alt_text":"","src":"","width":0,"height":0},"classes":[]},{"id":1134,"url":"https:\/\/iessoldeportocarrero.com\/?page_id=1134","url_meta":{"origin":151,"position":4},"title":"Programa de centro biling\u00fce \u2013 Ingl\u00e9s","author":"admin","date":"abril 28, 2023","format":false,"excerpt":"Vivimos en una sociedad necesariamente pluriling\u00fce en un mundo globalizado. En este contexto, el ingl\u00e9s cobra una importancia esencial en su condici\u00f3n de lengua com\u00fan usada internacionalmente en el \u00e1mbito de la ciencia, la cultura, los negocios o el turismo, entre otros. La ense\u00f1anza biling\u00fce en nuestro centro es en\u2026","rel":"","context":"Entrada similar","block_context":{"text":"Entrada similar","link":""},"img":{"alt_text":"","src":"https:\/\/i0.wp.com\/iessoldeportocarrero.com\/wp-content\/uploads\/2023\/12\/CENTRO-BILINGUE.png?resize=350%2C200&ssl=1","width":350,"height":200,"srcset":"https:\/\/i0.wp.com\/iessoldeportocarrero.com\/wp-content\/uploads\/2023\/12\/CENTRO-BILINGUE.png?resize=350%2C200&ssl=1 1x, https:\/\/i0.wp.com\/iessoldeportocarrero.com\/wp-content\/uploads\/2023\/12\/CENTRO-BILINGUE.png?resize=525%2C300&ssl=1 1.5x, https:\/\/i0.wp.com\/iessoldeportocarrero.com\/wp-content\/uploads\/2023\/12\/CENTRO-BILINGUE.png?resize=700%2C400&ssl=1 2x, https:\/\/i0.wp.com\/iessoldeportocarrero.com\/wp-content\/uploads\/2023\/12\/CENTRO-BILINGUE.png?resize=1050%2C600&ssl=1 3x"},"classes":[]},{"id":1137,"url":"https:\/\/iessoldeportocarrero.com\/?page_id=1137","url_meta":{"origin":151,"position":5},"title":"PLAN DE COMPENSACI\u00d3N EDUCATIVA","author":"admin","date":"abril 28, 2023","format":false,"excerpt":"Aqu\u00ed se puede descargar el Plan de Compensaci\u00f3n Educativa de nuestro centro: PLAN COMPENSATORIA 2019-20_rev Pincha en el enlace para obtener m\u00e1s informaci\u00f3n sobre el Plan de Compensaci\u00f3n Educativa. M\u00e1s informaci\u00f3n sobre la compensaci\u00f3n educativa en Andaluc\u00eda.","rel":"","context":"Entrada similar","block_context":{"text":"Entrada similar","link":""},"img":{"alt_text":"","src":"","width":0,"height":0},"classes":[]}],"_links":{"self":[{"href":"https:\/\/iessoldeportocarrero.com\/index.php?rest_route=\/wp\/v2\/pages\/151","targetHints":{"allow":["GET"]}}],"collection":[{"href":"https:\/\/iessoldeportocarrero.com\/index.php?rest_route=\/wp\/v2\/pages"}],"about":[{"href":"https:\/\/iessoldeportocarrero.com\/index.php?rest_route=\/wp\/v2\/types\/page"}],"author":[{"embeddable":true,"href":"https:\/\/iessoldeportocarrero.com\/index.php?rest_route=\/wp\/v2\/users\/1"}],"replies":[{"embeddable":true,"href":"https:\/\/iessoldeportocarrero.com\/index.php?rest_route=%2Fwp%2Fv2%2Fcomments&post=151"}],"version-history":[{"count":2,"href":"https:\/\/iessoldeportocarrero.com\/index.php?rest_route=\/wp\/v2\/pages\/151\/revisions"}],"predecessor-version":[{"id":1450,"href":"https:\/\/iessoldeportocarrero.com\/index.php?rest_route=\/wp\/v2\/pages\/151\/revisions\/1450"}],"up":[{"embeddable":true,"href":"https:\/\/iessoldeportocarrero.com\/index.php?rest_route=\/wp\/v2\/pages\/146"}],"wp:attachment":[{"href":"https:\/\/iessoldeportocarrero.com\/index.php?rest_route=%2Fwp%2Fv2%2Fmedia&parent=151"}],"curies":[{"name":"wp","href":"https:\/\/api.w.org\/{rel}","templated":true}]}}