{"id":1097,"date":"2023-04-27T10:37:16","date_gmt":"2023-04-27T08:37:16","guid":{"rendered":"https:\/\/iessoldeportocarrero.com\/?page_id=1097"},"modified":"2023-05-18T09:50:29","modified_gmt":"2023-05-18T07:50:29","slug":"planes-y-programas","status":"publish","type":"page","link":"https:\/\/iessoldeportocarrero.com\/?page_id=1097","title":{"rendered":"PLANES Y PROGRAMAS"},"content":{"rendered":"\n<div class=\"wp-block-buttons is-layout-flex wp-block-buttons-is-layout-flex\">\n<div class=\"wp-block-button\"><a class=\"wp-block-button__link wp-element-button\" href=\"https:\/\/iessoldeportocarrero.com\/?page_id=1134\">Programa de centro biling\u00fce \u2013 Ingl\u00e9s<\/a><\/div>\n\n\n\n<div class=\"wp-block-button\"><a class=\"wp-block-button__link wp-element-button\" href=\"https:\/\/iessoldeportocarrero.com\/?page_id=1137\">PLAN DE COMPENSACI\u00d3N EDUCATIVA<\/a><\/div>\n\n\n\n<div class=\"wp-block-button\"><a class=\"wp-block-button__link wp-element-button\" href=\"https:\/\/iessoldeportocarrero.com\/?page_id=1140\">Escuela: Espacio de Paz<\/a><\/div>\n\n\n\n<div class=\"wp-block-button\"><a class=\"wp-block-button__link wp-element-button\" href=\"https:\/\/iessoldeportocarrero.com\/?page_id=1156\">PLAN DE IGUALDAD<\/a><\/div>\n\n\n\n<div class=\"wp-block-button\"><a class=\"wp-block-button__link wp-element-button\" href=\"https:\/\/iessoldeportocarrero.com\/?page_id=1159\">PROGRAMAS DEL MINISTERIO DE EDUCACI\u00d3N, CULTURA Y DEPORTE<\/a><\/div>\n<\/div>\n","protected":false},"excerpt":{"rendered":"","protected":false},"author":1,"featured_media":0,"parent":0,"menu_order":0,"comment_status":"closed","ping_status":"closed","template":"","meta":{"footnotes":""},"class_list":["post-1097","page","type-page","status-publish","hentry"],"yoast_head":"<!-- This site is optimized with the Yoast SEO plugin v19.14 - https:\/\/yoast.com\/wordpress\/plugins\/seo\/ -->\n<title>PLANES Y PROGRAMAS - IES SOL DE PORTOCARRERO - LA LABORAL<\/title>\n<meta name=\"robots\" content=\"index, follow, max-snippet:-1, max-image-preview:large, max-video-preview:-1\" \/>\n<link rel=\"canonical\" href=\"https:\/\/iessoldeportocarrero.com\/?page_id=1097\" \/>\n<meta property=\"og:locale\" content=\"es_ES\" \/>\n<meta property=\"og:type\" content=\"article\" \/>\n<meta property=\"og:title\" content=\"PLANES Y PROGRAMAS - IES SOL DE PORTOCARRERO - LA LABORAL\" \/>\n<meta property=\"og:url\" content=\"https:\/\/iessoldeportocarrero.com\/?page_id=1097\" \/>\n<meta property=\"og:site_name\" content=\"IES SOL DE PORTOCARRERO - LA LABORAL\" \/>\n<meta property=\"article:modified_time\" content=\"2023-05-18T07:50:29+00:00\" \/>\n<meta name=\"twitter:card\" content=\"summary_large_image\" \/>\n<script type=\"application\/ld+json\" class=\"yoast-schema-graph\">{\"@context\":\"https:\/\/schema.org\",\"@graph\":[{\"@type\":\"WebPage\",\"@id\":\"https:\/\/iessoldeportocarrero.com\/?page_id=1097\",\"url\":\"https:\/\/iessoldeportocarrero.com\/?page_id=1097\",\"name\":\"PLANES Y PROGRAMAS - IES SOL DE PORTOCARRERO - LA LABORAL\",\"isPartOf\":{\"@id\":\"https:\/\/iessoldeportocarrero.com\/#website\"},\"datePublished\":\"2023-04-27T08:37:16+00:00\",\"dateModified\":\"2023-05-18T07:50:29+00:00\",\"breadcrumb\":{\"@id\":\"https:\/\/iessoldeportocarrero.com\/?page_id=1097#breadcrumb\"},\"inLanguage\":\"es\",\"potentialAction\":[{\"@type\":\"ReadAction\",\"target\":[\"https:\/\/iessoldeportocarrero.com\/?page_id=1097\"]}]},{\"@type\":\"BreadcrumbList\",\"@id\":\"https:\/\/iessoldeportocarrero.com\/?page_id=1097#breadcrumb\",\"itemListElement\":[{\"@type\":\"ListItem\",\"position\":1,\"name\":\"Home\",\"item\":\"https:\/\/iessoldeportocarrero.com\/\"},{\"@type\":\"ListItem\",\"position\":2,\"name\":\"PLANES Y PROGRAMAS\"}]},{\"@type\":\"WebSite\",\"@id\":\"https:\/\/iessoldeportocarrero.com\/#website\",\"url\":\"https:\/\/iessoldeportocarrero.com\/\",\"name\":\"IES SOL DE PORTOCARRERO - LA LABORAL\",\"description\":\"INSTITUTO DE EDUCACI\u00d3N SECUNDARIA Y FORMACI\u00d3N PROFESIONAL\",\"potentialAction\":[{\"@type\":\"SearchAction\",\"target\":{\"@type\":\"EntryPoint\",\"urlTemplate\":\"https:\/\/iessoldeportocarrero.com\/?s={search_term_string}\"},\"query-input\":\"required name=search_term_string\"}],\"inLanguage\":\"es\"}]}<\/script>\n<!-- \/ Yoast SEO plugin. -->","yoast_head_json":{"title":"PLANES Y PROGRAMAS - IES SOL DE PORTOCARRERO - LA LABORAL","robots":{"index":"index","follow":"follow","max-snippet":"max-snippet:-1","max-image-preview":"max-image-preview:large","max-video-preview":"max-video-preview:-1"},"canonical":"https:\/\/iessoldeportocarrero.com\/?page_id=1097","og_locale":"es_ES","og_type":"article","og_title":"PLANES Y PROGRAMAS - IES SOL DE PORTOCARRERO - LA LABORAL","og_url":"https:\/\/iessoldeportocarrero.com\/?page_id=1097","og_site_name":"IES SOL DE PORTOCARRERO - LA LABORAL","article_modified_time":"2023-05-18T07:50:29+00:00","twitter_card":"summary_large_image","schema":{"@context":"https:\/\/schema.org","@graph":[{"@type":"WebPage","@id":"https:\/\/iessoldeportocarrero.com\/?page_id=1097","url":"https:\/\/iessoldeportocarrero.com\/?page_id=1097","name":"PLANES Y PROGRAMAS - IES SOL DE PORTOCARRERO - LA LABORAL","isPartOf":{"@id":"https:\/\/iessoldeportocarrero.com\/#website"},"datePublished":"2023-04-27T08:37:16+00:00","dateModified":"2023-05-18T07:50:29+00:00","breadcrumb":{"@id":"https:\/\/iessoldeportocarrero.com\/?page_id=1097#breadcrumb"},"inLanguage":"es","potentialAction":[{"@type":"ReadAction","target":["https:\/\/iessoldeportocarrero.com\/?page_id=1097"]}]},{"@type":"BreadcrumbList","@id":"https:\/\/iessoldeportocarrero.com\/?page_id=1097#breadcrumb","itemListElement":[{"@type":"ListItem","position":1,"name":"Home","item":"https:\/\/iessoldeportocarrero.com\/"},{"@type":"ListItem","position":2,"name":"PLANES Y PROGRAMAS"}]},{"@type":"WebSite","@id":"https:\/\/iessoldeportocarrero.com\/#website","url":"https:\/\/iessoldeportocarrero.com\/","name":"IES SOL DE PORTOCARRERO - LA LABORAL","description":"INSTITUTO DE EDUCACI\u00d3N SECUNDARIA Y FORMACI\u00d3N PROFESIONAL","potentialAction":[{"@type":"SearchAction","target":{"@type":"EntryPoint","urlTemplate":"https:\/\/iessoldeportocarrero.com\/?s={search_term_string}"},"query-input":"required name=search_term_string"}],"inLanguage":"es"}]}},"jetpack_sharing_enabled":true,"jetpack-related-posts":[{"id":61,"url":"https:\/\/iessoldeportocarrero.com\/?page_id=61","url_meta":{"origin":1097,"position":0},"title":"Planes y Programas","author":"admin","date":"noviembre 10, 2022","format":false,"excerpt":"","rel":"","context":"Entrada similar","block_context":{"text":"Entrada similar","link":""},"img":{"alt_text":"","src":"","width":0,"height":0},"classes":[]},{"id":1137,"url":"https:\/\/iessoldeportocarrero.com\/?page_id=1137","url_meta":{"origin":1097,"position":1},"title":"PLAN DE COMPENSACI\u00d3N EDUCATIVA","author":"admin","date":"abril 28, 2023","format":false,"excerpt":"Aqu\u00ed se puede descargar el Plan de Compensaci\u00f3n Educativa de nuestro centro: PLAN COMPENSATORIA 2019-20_rev Pincha en el enlace para obtener m\u00e1s informaci\u00f3n sobre el Plan de Compensaci\u00f3n Educativa. M\u00e1s informaci\u00f3n sobre la compensaci\u00f3n educativa en Andaluc\u00eda.","rel":"","context":"Entrada similar","block_context":{"text":"Entrada similar","link":""},"img":{"alt_text":"","src":"","width":0,"height":0},"classes":[]},{"id":1085,"url":"https:\/\/iessoldeportocarrero.com\/?page_id=1085","url_meta":{"origin":1097,"position":2},"title":"EL CENTRO","author":"admin","date":"abril 27, 2023","format":false,"excerpt":"Datos del centro Consejo Escolar Equipo Directivo Secretar\u00eda Plan de Centro Planes y programas Plan de Autoprotecci\u00f3n","rel":"","context":"Entrada similar","block_context":{"text":"Entrada similar","link":""},"img":{"alt_text":"","src":"","width":0,"height":0},"classes":[]},{"id":33,"url":"https:\/\/iessoldeportocarrero.com\/?page_id=33","url_meta":{"origin":1097,"position":3},"title":"El Centro","author":"admin","date":"noviembre 3, 2022","format":false,"excerpt":"SECRETARIA PLAN DE CENTRO PLANES Y PROGRAMAS CONSEJO ESCOLAR","rel":"","context":"Entrada similar","block_context":{"text":"Entrada similar","link":""},"img":{"alt_text":"","src":"https:\/\/i0.wp.com\/iessoldeportocarrero.com\/wp-content\/uploads\/2022\/11\/cropped-cropped-escudo.jpeg?resize=350%2C200&ssl=1","width":350,"height":200},"classes":[]},{"id":1094,"url":"https:\/\/iessoldeportocarrero.com\/?page_id=1094","url_meta":{"origin":1097,"position":4},"title":"PLAN DE CENTRO","author":"admin","date":"abril 27, 2023","format":false,"excerpt":"Un centro se define en gran medida por su Plan de Centro. El plan de centro de un instituto lo componen el proyecto educativo, el reglamento de organizaci\u00f3n y funcionamiento y el proyecto de gesti\u00f3n.\u00a0 El Plan de Centro es un documento vivo que se debe ir actualizando cada a\u00f1o\u2026","rel":"","context":"Entrada similar","block_context":{"text":"Entrada similar","link":""},"img":{"alt_text":"","src":"https:\/\/i0.wp.com\/iessoldeportocarrero.com\/wp-content\/uploads\/2024\/02\/Documentos.jpg?resize=350%2C200&ssl=1","width":350,"height":200},"classes":[]},{"id":1159,"url":"https:\/\/iessoldeportocarrero.com\/?page_id=1159","url_meta":{"origin":1097,"position":5},"title":"PROGRAMAS DEL MINISTERIO DE EDUCACI\u00d3N, CULTURA Y DEPORTE","author":"admin","date":"mayo 3, 2023","format":false,"excerpt":"Programas del Ministerio de Educaci\u00f3n, Cultura y Deporte Programa \u00abRutas cient\u00edficas, art\u00edsticas y literarias\u00bb Participamos en el programa de Primavera 2017 en la ruta 2 \u00abNavarra y Arag\u00f3n\u00bb Programa \u00abRecuperaci\u00f3n y utilizaci\u00f3n educativa de pueblos abandonados\u00bb Programa \u00abCentros de educaci\u00f3n ambiental\u00bb Nuestro centro va a participar en este programa del\u2026","rel":"","context":"Entrada similar","block_context":{"text":"Entrada similar","link":""},"img":{"alt_text":"","src":"","width":0,"height":0},"classes":[]}],"_links":{"self":[{"href":"https:\/\/iessoldeportocarrero.com\/index.php?rest_route=\/wp\/v2\/pages\/1097","targetHints":{"allow":["GET"]}}],"collection":[{"href":"https:\/\/iessoldeportocarrero.com\/index.php?rest_route=\/wp\/v2\/pages"}],"about":[{"href":"https:\/\/iessoldeportocarrero.com\/index.php?rest_route=\/wp\/v2\/types\/page"}],"author":[{"embeddable":true,"href":"https:\/\/iessoldeportocarrero.com\/index.php?rest_route=\/wp\/v2\/users\/1"}],"replies":[{"embeddable":true,"href":"https:\/\/iessoldeportocarrero.com\/index.php?rest_route=%2Fwp%2Fv2%2Fcomments&post=1097"}],"version-history":[{"count":2,"href":"https:\/\/iessoldeportocarrero.com\/index.php?rest_route=\/wp\/v2\/pages\/1097\/revisions"}],"predecessor-version":[{"id":1487,"href":"https:\/\/iessoldeportocarrero.com\/index.php?rest_route=\/wp\/v2\/pages\/1097\/revisions\/1487"}],"wp:attachment":[{"href":"https:\/\/iessoldeportocarrero.com\/index.php?rest_route=%2Fwp%2Fv2%2Fmedia&parent=1097"}],"curies":[{"name":"wp","href":"https:\/\/api.w.org\/{rel}","templated":true}]}}