{"id":109,"date":"2022-11-10T11:42:59","date_gmt":"2022-11-10T10:42:59","guid":{"rendered":"https:\/\/soldeportocarreroies.wordpress.com\/?page_id=109"},"modified":"2024-11-24T23:29:33","modified_gmt":"2024-11-24T22:29:33","slug":"geografia-e-historia","status":"publish","type":"page","link":"https:\/\/iessoldeportocarrero.com\/?page_id=109","title":{"rendered":"Geograf\u00eda e Historia."},"content":{"rendered":"<div class=\"wp-block-image is-style-rounded\">\n<figure class=\"aligncenter size-full is-resized\"><img fetchpriority=\"high\" decoding=\"async\" width=\"612\" height=\"534\" src=\"https:\/\/iessoldeportocarrero.com\/wp-content\/uploads\/2023\/05\/istockphoto-154063991-612x612-1.jpg\" alt=\"\" class=\"wp-image-1371\" style=\"width:306px;height:267px\" srcset=\"https:\/\/iessoldeportocarrero.com\/wp-content\/uploads\/2023\/05\/istockphoto-154063991-612x612-1.jpg 612w, https:\/\/iessoldeportocarrero.com\/wp-content\/uploads\/2023\/05\/istockphoto-154063991-612x612-1-300x262.jpg 300w, https:\/\/iessoldeportocarrero.com\/wp-content\/uploads\/2023\/05\/istockphoto-154063991-612x612-1-309x270.jpg 309w\" sizes=\"(max-width: 612px) 100vw, 612px\" \/><\/figure>\n<\/div>\n\n\n<div class=\"wp-block-buttons is-content-justification-center is-layout-flex wp-container-core-buttons-is-layout-16018d1d wp-block-buttons-is-layout-flex\">\n<div class=\"wp-block-button\"><a class=\"wp-block-button__link wp-element-button\" href=\"https:\/\/drive.google.com\/drive\/folders\/13cSt0SSg0TCp3zNvUmDWfk3XwNYDO3VA?usp=sharing\" target=\"_blank\" rel=\"noreferrer noopener\">Documentaci\u00f3n<\/a><\/div>\n<\/div>\n\n\n\n<div class=\"wp-block-columns is-layout-flex wp-container-core-columns-is-layout-9d6595d7 wp-block-columns-is-layout-flex\">\n<div class=\"wp-block-column is-layout-flow wp-block-column-is-layout-flow\">\n<p>El conocimiento de la sociedad, su organizaci\u00f3n y funcionamiento a lo largo del tiempo es esencial para poder entender el mundo actual. Conocer el espacio donde se desarrollan las sociedades, los recursos naturales y el uso que se ha dado a \u00e9stos, nos aporta datos sobre el pasado y nos permiten vislumbrar algunos de los problemas del futuro.<\/p>\n\n\n\n<p>Las disciplinas de la Geograf\u00eda y la Historia son dos importantes ejes vertebradores para el conocimiento de la sociedad, ya que contemplan la realidad humana y social desde una perspectiva global e integradora y ofrecen una mayor capacidad para la estructuraci\u00f3n de los hechos sociales; no obstante la sociedad actual, cada vez m\u00e1s compleja, requiere de la intervenci\u00f3n de otras disciplinas como la Econom\u00eda, Sociolog\u00eda, Ecolog\u00eda o Historia del Arte, que aportan an\u00e1lisis diferentes y complementarios, para la mejor comprensi\u00f3n de la realidad social.<\/p>\n<\/div>\n<\/div>\n\n\n<ul class=\"wp-block-latest-posts__list has-dates wp-block-latest-posts\"><li><a class=\"wp-block-latest-posts__post-title\" href=\"https:\/\/iessoldeportocarrero.com\/?p=2852\">COMPONENTES DEL DEPARTAMENTO<\/a><time datetime=\"2024-11-24T23:27:20+01:00\" class=\"wp-block-latest-posts__post-date\">noviembre 24, 2024<\/time><div class=\"wp-block-latest-posts__post-full-content\"><!-- wp:table {\"hasFixedLayout\":false,\"className\":\"is-style-stripes\"} -->\n<figure class=\"wp-block-table is-style-stripes\"><table><tbody><tr><td class=\"has-text-align-center\" data-align=\"center\"><strong>El departamento de Geograf\u00eda e Historia est\u00e1 formado por:<\/strong><\/td><\/tr><tr><td class=\"has-text-align-center\" data-align=\"center\">Garc\u00eda Lucas, Carlos<\/td><\/tr><tr><td class=\"has-text-align-center\" data-align=\"center\">Ana Bel\u00e9n Rodr\u00edguez Carmona<\/td><\/tr><tr><td class=\"has-text-align-center\" data-align=\"center\">Celestina Rozalen Fuentes<\/td><\/tr><tr><td class=\"has-text-align-center\" data-align=\"center\">Jos\u00e9 Tom\u00e1s G\u00e1zquez Ramos<\/td><\/tr><tr><td class=\"has-text-align-center\" data-align=\"center\">Marina Aguirre Montes<\/td><\/tr><tr><td class=\"has-text-align-center\" data-align=\"center\">Mar\u00eda del Mar Lillo Gonz\u00e1lez<\/td><\/tr><tr><td class=\"has-text-align-center\" data-align=\"center\">Pedro Jes\u00fas S\u00e1nchez Torrecillas<\/td><\/tr><tr><td class=\"has-text-align-center\" data-align=\"center\">Ruth Fern\u00e1ndez Escand\u00f3n<\/td><\/tr><\/tbody><\/table><\/figure>\n<!-- \/wp:table --><\/div><\/li>\n<li><div class=\"wp-block-latest-posts__featured-image\"><img decoding=\"async\" width=\"150\" height=\"150\" src=\"https:\/\/iessoldeportocarrero.com\/wp-content\/uploads\/2024\/01\/9-scaled-e1706258298995-150x150.jpg\" class=\"attachment-thumbnail size-thumbnail wp-post-image\" alt=\"\" style=\"max-width:75px;max-height:75px;\" \/><\/div><a class=\"wp-block-latest-posts__post-title\" href=\"https:\/\/iessoldeportocarrero.com\/?p=2034\">CLIMAS DEL MUNDO 1\u00ba E.S.O<\/a><time datetime=\"2024-01-25T09:09:14+01:00\" class=\"wp-block-latest-posts__post-date\">enero 25, 2024<\/time><div class=\"wp-block-latest-posts__post-full-content\"><!-- wp:paragraph -->\n<p>Situaci\u00f3n de aprendizaje: Los climas del mundo en una caja de zapatos. Realizado por alumnado de 1\u00ba de E.S.O<\/p>\n<!-- \/wp:paragraph -->\n\n<!-- wp:jetpack\/slideshow {\"ids\":[2090,2089,2088,2087,2085,2084,2082,2083,2081,2078,2079,2080,2075,2069,2061,2063,2067],\"sizeSlug\":\"large\"} -->\n<div class=\"wp-block-jetpack-slideshow aligncenter\" data-effect=\"slide\"><div class=\"wp-block-jetpack-slideshow_container swiper-container\"><ul class=\"wp-block-jetpack-slideshow_swiper-wrapper swiper-wrapper\"><li class=\"wp-block-jetpack-slideshow_slide swiper-slide\"><figure><img decoding=\"async\" width=\"768\" height=\"1024\" alt=\"\" class=\"wp-block-jetpack-slideshow_image wp-image-2090\" data-id=\"2090\" src=\"https:\/\/iessoldeportocarrero.com\/wp-content\/uploads\/2024\/01\/1.jpeg\" srcset=\"https:\/\/iessoldeportocarrero.com\/wp-content\/uploads\/2024\/01\/1.jpeg 768w, https:\/\/iessoldeportocarrero.com\/wp-content\/uploads\/2024\/01\/1-225x300.jpeg 225w, https:\/\/iessoldeportocarrero.com\/wp-content\/uploads\/2024\/01\/1-203x270.jpeg 203w\" sizes=\"(max-width: 768px) 100vw, 768px\" \/><\/figure><\/li><li class=\"wp-block-jetpack-slideshow_slide swiper-slide\"><figure><img loading=\"lazy\" decoding=\"async\" width=\"768\" height=\"1024\" alt=\"\" class=\"wp-block-jetpack-slideshow_image wp-image-2089\" data-id=\"2089\" src=\"https:\/\/iessoldeportocarrero.com\/wp-content\/uploads\/2024\/01\/5.jpeg\" srcset=\"https:\/\/iessoldeportocarrero.com\/wp-content\/uploads\/2024\/01\/5.jpeg 768w, https:\/\/iessoldeportocarrero.com\/wp-content\/uploads\/2024\/01\/5-225x300.jpeg 225w, https:\/\/iessoldeportocarrero.com\/wp-content\/uploads\/2024\/01\/5-203x270.jpeg 203w\" sizes=\"(max-width: 768px) 100vw, 768px\" \/><\/figure><\/li><li class=\"wp-block-jetpack-slideshow_slide swiper-slide\"><figure><img loading=\"lazy\" decoding=\"async\" width=\"768\" height=\"1024\" alt=\"\" class=\"wp-block-jetpack-slideshow_image wp-image-2088\" data-id=\"2088\" src=\"https:\/\/iessoldeportocarrero.com\/wp-content\/uploads\/2024\/01\/4-1.jpeg\" srcset=\"https:\/\/iessoldeportocarrero.com\/wp-content\/uploads\/2024\/01\/4-1.jpeg 768w, https:\/\/iessoldeportocarrero.com\/wp-content\/uploads\/2024\/01\/4-1-225x300.jpeg 225w, https:\/\/iessoldeportocarrero.com\/wp-content\/uploads\/2024\/01\/4-1-203x270.jpeg 203w\" sizes=\"(max-width: 768px) 100vw, 768px\" \/><\/figure><\/li><li class=\"wp-block-jetpack-slideshow_slide swiper-slide\"><figure><img loading=\"lazy\" decoding=\"async\" width=\"768\" height=\"1024\" alt=\"\" class=\"wp-block-jetpack-slideshow_image wp-image-2087\" data-id=\"2087\" src=\"https:\/\/iessoldeportocarrero.com\/wp-content\/uploads\/2024\/01\/17-1.jpeg\" srcset=\"https:\/\/iessoldeportocarrero.com\/wp-content\/uploads\/2024\/01\/17-1.jpeg 768w, https:\/\/iessoldeportocarrero.com\/wp-content\/uploads\/2024\/01\/17-1-225x300.jpeg 225w, https:\/\/iessoldeportocarrero.com\/wp-content\/uploads\/2024\/01\/17-1-203x270.jpeg 203w\" sizes=\"(max-width: 768px) 100vw, 768px\" \/><\/figure><\/li><li class=\"wp-block-jetpack-slideshow_slide swiper-slide\"><figure><img loading=\"lazy\" decoding=\"async\" width=\"768\" height=\"1024\" alt=\"\" class=\"wp-block-jetpack-slideshow_image wp-image-2085\" data-id=\"2085\" src=\"https:\/\/iessoldeportocarrero.com\/wp-content\/uploads\/2024\/01\/7.jpeg\" srcset=\"https:\/\/iessoldeportocarrero.com\/wp-content\/uploads\/2024\/01\/7.jpeg 768w, https:\/\/iessoldeportocarrero.com\/wp-content\/uploads\/2024\/01\/7-225x300.jpeg 225w, https:\/\/iessoldeportocarrero.com\/wp-content\/uploads\/2024\/01\/7-203x270.jpeg 203w\" sizes=\"(max-width: 768px) 100vw, 768px\" \/><\/figure><\/li><li class=\"wp-block-jetpack-slideshow_slide swiper-slide\"><figure><img loading=\"lazy\" decoding=\"async\" width=\"768\" height=\"1024\" alt=\"\" class=\"wp-block-jetpack-slideshow_image wp-image-2084\" data-id=\"2084\" src=\"https:\/\/iessoldeportocarrero.com\/wp-content\/uploads\/2024\/01\/9.jpeg\" srcset=\"https:\/\/iessoldeportocarrero.com\/wp-content\/uploads\/2024\/01\/9.jpeg 768w, https:\/\/iessoldeportocarrero.com\/wp-content\/uploads\/2024\/01\/9-225x300.jpeg 225w, https:\/\/iessoldeportocarrero.com\/wp-content\/uploads\/2024\/01\/9-203x270.jpeg 203w\" sizes=\"(max-width: 768px) 100vw, 768px\" \/><\/figure><\/li><li class=\"wp-block-jetpack-slideshow_slide swiper-slide\"><figure><img loading=\"lazy\" decoding=\"async\" width=\"768\" height=\"1024\" alt=\"\" class=\"wp-block-jetpack-slideshow_image wp-image-2082\" data-id=\"2082\" src=\"https:\/\/iessoldeportocarrero.com\/wp-content\/uploads\/2024\/01\/16.jpeg\" srcset=\"https:\/\/iessoldeportocarrero.com\/wp-content\/uploads\/2024\/01\/16.jpeg 768w, https:\/\/iessoldeportocarrero.com\/wp-content\/uploads\/2024\/01\/16-225x300.jpeg 225w, https:\/\/iessoldeportocarrero.com\/wp-content\/uploads\/2024\/01\/16-203x270.jpeg 203w\" sizes=\"(max-width: 768px) 100vw, 768px\" \/><\/figure><\/li><li class=\"wp-block-jetpack-slideshow_slide swiper-slide\"><figure><img loading=\"lazy\" decoding=\"async\" width=\"768\" height=\"1024\" alt=\"\" class=\"wp-block-jetpack-slideshow_image wp-image-2083\" data-id=\"2083\" src=\"https:\/\/iessoldeportocarrero.com\/wp-content\/uploads\/2024\/01\/10.jpeg\" srcset=\"https:\/\/iessoldeportocarrero.com\/wp-content\/uploads\/2024\/01\/10.jpeg 768w, https:\/\/iessoldeportocarrero.com\/wp-content\/uploads\/2024\/01\/10-225x300.jpeg 225w, https:\/\/iessoldeportocarrero.com\/wp-content\/uploads\/2024\/01\/10-203x270.jpeg 203w\" sizes=\"(max-width: 768px) 100vw, 768px\" \/><\/figure><\/li><li class=\"wp-block-jetpack-slideshow_slide swiper-slide\"><figure><img loading=\"lazy\" decoding=\"async\" width=\"768\" height=\"1024\" alt=\"\" class=\"wp-block-jetpack-slideshow_image wp-image-2081\" data-id=\"2081\" src=\"https:\/\/iessoldeportocarrero.com\/wp-content\/uploads\/2024\/01\/8.jpeg\" srcset=\"https:\/\/iessoldeportocarrero.com\/wp-content\/uploads\/2024\/01\/8.jpeg 768w, https:\/\/iessoldeportocarrero.com\/wp-content\/uploads\/2024\/01\/8-225x300.jpeg 225w, https:\/\/iessoldeportocarrero.com\/wp-content\/uploads\/2024\/01\/8-203x270.jpeg 203w\" sizes=\"(max-width: 768px) 100vw, 768px\" \/><\/figure><\/li><li class=\"wp-block-jetpack-slideshow_slide swiper-slide\"><figure><img loading=\"lazy\" decoding=\"async\" width=\"768\" height=\"1024\" alt=\"\" class=\"wp-block-jetpack-slideshow_image wp-image-2078\" data-id=\"2078\" src=\"https:\/\/iessoldeportocarrero.com\/wp-content\/uploads\/2024\/01\/14.jpeg\" srcset=\"https:\/\/iessoldeportocarrero.com\/wp-content\/uploads\/2024\/01\/14.jpeg 768w, https:\/\/iessoldeportocarrero.com\/wp-content\/uploads\/2024\/01\/14-225x300.jpeg 225w, https:\/\/iessoldeportocarrero.com\/wp-content\/uploads\/2024\/01\/14-203x270.jpeg 203w\" sizes=\"(max-width: 768px) 100vw, 768px\" \/><\/figure><\/li><li class=\"wp-block-jetpack-slideshow_slide swiper-slide\"><figure><img loading=\"lazy\" decoding=\"async\" width=\"768\" height=\"1024\" alt=\"\" class=\"wp-block-jetpack-slideshow_image wp-image-2079\" data-id=\"2079\" src=\"https:\/\/iessoldeportocarrero.com\/wp-content\/uploads\/2024\/01\/11.jpeg\" srcset=\"https:\/\/iessoldeportocarrero.com\/wp-content\/uploads\/2024\/01\/11.jpeg 768w, https:\/\/iessoldeportocarrero.com\/wp-content\/uploads\/2024\/01\/11-225x300.jpeg 225w, https:\/\/iessoldeportocarrero.com\/wp-content\/uploads\/2024\/01\/11-203x270.jpeg 203w\" sizes=\"(max-width: 768px) 100vw, 768px\" \/><\/figure><\/li><li class=\"wp-block-jetpack-slideshow_slide swiper-slide\"><figure><img loading=\"lazy\" decoding=\"async\" width=\"768\" height=\"1024\" alt=\"\" class=\"wp-block-jetpack-slideshow_image wp-image-2080\" data-id=\"2080\" src=\"https:\/\/iessoldeportocarrero.com\/wp-content\/uploads\/2024\/01\/15.jpeg\" srcset=\"https:\/\/iessoldeportocarrero.com\/wp-content\/uploads\/2024\/01\/15.jpeg 768w, https:\/\/iessoldeportocarrero.com\/wp-content\/uploads\/2024\/01\/15-225x300.jpeg 225w, https:\/\/iessoldeportocarrero.com\/wp-content\/uploads\/2024\/01\/15-203x270.jpeg 203w\" sizes=\"(max-width: 768px) 100vw, 768px\" \/><\/figure><\/li><li class=\"wp-block-jetpack-slideshow_slide swiper-slide\"><figure><img loading=\"lazy\" decoding=\"async\" width=\"768\" height=\"1024\" alt=\"\" class=\"wp-block-jetpack-slideshow_image wp-image-2075\" data-id=\"2075\" src=\"https:\/\/iessoldeportocarrero.com\/wp-content\/uploads\/2024\/01\/WhatsApp-Image-2024-01-25-at-11.26.52.jpeg\" srcset=\"https:\/\/iessoldeportocarrero.com\/wp-content\/uploads\/2024\/01\/WhatsApp-Image-2024-01-25-at-11.26.52.jpeg 768w, https:\/\/iessoldeportocarrero.com\/wp-content\/uploads\/2024\/01\/WhatsApp-Image-2024-01-25-at-11.26.52-225x300.jpeg 225w, https:\/\/iessoldeportocarrero.com\/wp-content\/uploads\/2024\/01\/WhatsApp-Image-2024-01-25-at-11.26.52-203x270.jpeg 203w\" sizes=\"(max-width: 768px) 100vw, 768px\" \/><\/figure><\/li><li class=\"wp-block-jetpack-slideshow_slide swiper-slide\"><figure><img loading=\"lazy\" decoding=\"async\" width=\"768\" height=\"1024\" alt=\"\" class=\"wp-block-jetpack-slideshow_image wp-image-2069\" data-id=\"2069\" src=\"https:\/\/iessoldeportocarrero.com\/wp-content\/uploads\/2024\/01\/WhatsApp-Image-2024-01-25-at-11.26.55.jpeg\" srcset=\"https:\/\/iessoldeportocarrero.com\/wp-content\/uploads\/2024\/01\/WhatsApp-Image-2024-01-25-at-11.26.55.jpeg 768w, https:\/\/iessoldeportocarrero.com\/wp-content\/uploads\/2024\/01\/WhatsApp-Image-2024-01-25-at-11.26.55-225x300.jpeg 225w, https:\/\/iessoldeportocarrero.com\/wp-content\/uploads\/2024\/01\/WhatsApp-Image-2024-01-25-at-11.26.55-203x270.jpeg 203w\" sizes=\"(max-width: 768px) 100vw, 768px\" \/><\/figure><\/li><li class=\"wp-block-jetpack-slideshow_slide swiper-slide\"><figure><img loading=\"lazy\" decoding=\"async\" width=\"768\" height=\"1024\" alt=\"\" class=\"wp-block-jetpack-slideshow_image wp-image-2061\" data-id=\"2061\" src=\"https:\/\/iessoldeportocarrero.com\/wp-content\/uploads\/2024\/01\/WhatsApp-Image-2024-01-25-at-11.26.53.jpeg\" srcset=\"https:\/\/iessoldeportocarrero.com\/wp-content\/uploads\/2024\/01\/WhatsApp-Image-2024-01-25-at-11.26.53.jpeg 768w, https:\/\/iessoldeportocarrero.com\/wp-content\/uploads\/2024\/01\/WhatsApp-Image-2024-01-25-at-11.26.53-225x300.jpeg 225w, https:\/\/iessoldeportocarrero.com\/wp-content\/uploads\/2024\/01\/WhatsApp-Image-2024-01-25-at-11.26.53-203x270.jpeg 203w\" sizes=\"(max-width: 768px) 100vw, 768px\" \/><\/figure><\/li><li class=\"wp-block-jetpack-slideshow_slide swiper-slide\"><figure><img loading=\"lazy\" decoding=\"async\" width=\"768\" height=\"1024\" alt=\"\" class=\"wp-block-jetpack-slideshow_image wp-image-2063\" data-id=\"2063\" src=\"https:\/\/iessoldeportocarrero.com\/wp-content\/uploads\/2024\/01\/WhatsApp-Image-2024-01-25-at-11.26.57-1.jpeg\" srcset=\"https:\/\/iessoldeportocarrero.com\/wp-content\/uploads\/2024\/01\/WhatsApp-Image-2024-01-25-at-11.26.57-1.jpeg 768w, https:\/\/iessoldeportocarrero.com\/wp-content\/uploads\/2024\/01\/WhatsApp-Image-2024-01-25-at-11.26.57-1-225x300.jpeg 225w, https:\/\/iessoldeportocarrero.com\/wp-content\/uploads\/2024\/01\/WhatsApp-Image-2024-01-25-at-11.26.57-1-203x270.jpeg 203w\" sizes=\"(max-width: 768px) 100vw, 768px\" \/><\/figure><\/li><li class=\"wp-block-jetpack-slideshow_slide swiper-slide\"><figure><img loading=\"lazy\" decoding=\"async\" width=\"768\" height=\"1024\" alt=\"\" class=\"wp-block-jetpack-slideshow_image wp-image-2067\" data-id=\"2067\" src=\"https:\/\/iessoldeportocarrero.com\/wp-content\/uploads\/2024\/01\/WhatsApp-Image-2024-01-25-at-11.27.00-1.jpeg\" srcset=\"https:\/\/iessoldeportocarrero.com\/wp-content\/uploads\/2024\/01\/WhatsApp-Image-2024-01-25-at-11.27.00-1.jpeg 768w, https:\/\/iessoldeportocarrero.com\/wp-content\/uploads\/2024\/01\/WhatsApp-Image-2024-01-25-at-11.27.00-1-225x300.jpeg 225w, https:\/\/iessoldeportocarrero.com\/wp-content\/uploads\/2024\/01\/WhatsApp-Image-2024-01-25-at-11.27.00-1-203x270.jpeg 203w\" sizes=\"(max-width: 768px) 100vw, 768px\" \/><\/figure><\/li><\/ul><a class=\"wp-block-jetpack-slideshow_button-prev swiper-button-prev swiper-button-white\" role=\"button\"><\/a><a class=\"wp-block-jetpack-slideshow_button-next swiper-button-next swiper-button-white\" role=\"button\"><\/a><a aria-label=\"Pause Slideshow\" class=\"wp-block-jetpack-slideshow_button-pause\" role=\"button\"><\/a><div class=\"wp-block-jetpack-slideshow_pagination swiper-pagination swiper-pagination-white\"><\/div><\/div><\/div>\n<!-- \/wp:jetpack\/slideshow --><\/div><\/li>\n<li><div class=\"wp-block-latest-posts__featured-image\"><img loading=\"lazy\" decoding=\"async\" width=\"150\" height=\"150\" src=\"https:\/\/iessoldeportocarrero.com\/wp-content\/uploads\/2023\/05\/Captura-de-pantalla-de-2023-05-10-11-53-00-150x150.png\" class=\"attachment-thumbnail size-thumbnail wp-post-image\" alt=\"\" style=\"max-width:75px;max-height:75px;\" \/><\/div><a class=\"wp-block-latest-posts__post-title\" href=\"https:\/\/iessoldeportocarrero.com\/?p=1328\">Blog \u00abla cuna de Halicarnaso\u00bb<\/a><time datetime=\"2023-05-10T12:00:38+02:00\" class=\"wp-block-latest-posts__post-date\">mayo 10, 2023<\/time><div class=\"wp-block-latest-posts__post-full-content\"><!-- wp:paragraph -->\n<p><a href=\"http:\/\/www.lacunadehalicarnaso.com\/\" target=\"_blank\" rel=\"noreferrer noopener\">Blog del profesor Jose Antonio Lucero<\/a><\/p>\n<!-- \/wp:paragraph -->\n\n<!-- wp:paragraph -->\n<p>En este blog sobre historia encontrar\u00e9is multitud de divertidos v\u00eddeos en los que se explican las diferentes etapas de la historia.<\/p>\n<!-- \/wp:paragraph --><\/div><\/li>\n<\/ul>","protected":false},"excerpt":{"rendered":"<p>El conocimiento de la sociedad, su organizaci\u00f3n y funcionamiento a lo largo del tiempo es esencial para poder entender el mundo actual. Conocer el espacio donde se desarrollan las sociedades, los recursos naturales y el uso que se ha dado <a href=\"https:\/\/iessoldeportocarrero.com\/?page_id=109\" class=\"read-more\">Leer m\u00e1s&#8230;<\/a><\/p>\n","protected":false},"author":1,"featured_media":0,"parent":28,"menu_order":0,"comment_status":"closed","ping_status":"closed","template":"","meta":{"footnotes":""},"class_list":["post-109","page","type-page","status-publish","hentry"],"yoast_head":"<!-- This site is optimized with the Yoast SEO plugin v19.14 - https:\/\/yoast.com\/wordpress\/plugins\/seo\/ -->\n<title>Geograf\u00eda e Historia. - IES SOL DE PORTOCARRERO - LA LABORAL<\/title>\n<meta name=\"robots\" content=\"index, follow, max-snippet:-1, max-image-preview:large, max-video-preview:-1\" \/>\n<link rel=\"canonical\" href=\"https:\/\/iessoldeportocarrero.com\/?page_id=109\" \/>\n<meta property=\"og:locale\" content=\"es_ES\" \/>\n<meta property=\"og:type\" content=\"article\" \/>\n<meta property=\"og:title\" content=\"Geograf\u00eda e Historia. - IES SOL DE PORTOCARRERO - LA LABORAL\" \/>\n<meta property=\"og:description\" content=\"El conocimiento de la sociedad, su organizaci\u00f3n y funcionamiento a lo largo del tiempo es esencial para poder entender el mundo actual. Conocer el espacio donde se desarrollan las sociedades, los recursos naturales y el uso que se ha dado Leer m\u00e1s...\" \/>\n<meta property=\"og:url\" content=\"https:\/\/iessoldeportocarrero.com\/?page_id=109\" \/>\n<meta property=\"og:site_name\" content=\"IES SOL DE PORTOCARRERO - LA LABORAL\" \/>\n<meta property=\"article:modified_time\" content=\"2024-11-24T22:29:33+00:00\" \/>\n<meta property=\"og:image\" content=\"https:\/\/iessoldeportocarrero.com\/wp-content\/uploads\/2023\/05\/istockphoto-154063991-612x612-1.jpg\" \/>\n<meta name=\"twitter:card\" content=\"summary_large_image\" \/>\n<meta name=\"twitter:label1\" content=\"Tiempo de lectura\" \/>\n\t<meta name=\"twitter:data1\" content=\"1 minuto\" \/>\n<script type=\"application\/ld+json\" class=\"yoast-schema-graph\">{\"@context\":\"https:\/\/schema.org\",\"@graph\":[{\"@type\":\"WebPage\",\"@id\":\"https:\/\/iessoldeportocarrero.com\/?page_id=109\",\"url\":\"https:\/\/iessoldeportocarrero.com\/?page_id=109\",\"name\":\"Geograf\u00eda e Historia. - IES SOL DE PORTOCARRERO - LA LABORAL\",\"isPartOf\":{\"@id\":\"https:\/\/iessoldeportocarrero.com\/#website\"},\"datePublished\":\"2022-11-10T10:42:59+00:00\",\"dateModified\":\"2024-11-24T22:29:33+00:00\",\"breadcrumb\":{\"@id\":\"https:\/\/iessoldeportocarrero.com\/?page_id=109#breadcrumb\"},\"inLanguage\":\"es\",\"potentialAction\":[{\"@type\":\"ReadAction\",\"target\":[\"https:\/\/iessoldeportocarrero.com\/?page_id=109\"]}]},{\"@type\":\"BreadcrumbList\",\"@id\":\"https:\/\/iessoldeportocarrero.com\/?page_id=109#breadcrumb\",\"itemListElement\":[{\"@type\":\"ListItem\",\"position\":1,\"name\":\"Home\",\"item\":\"https:\/\/iessoldeportocarrero.com\/\"},{\"@type\":\"ListItem\",\"position\":2,\"name\":\"DEPARTAMENTOS\",\"item\":\"https:\/\/iessoldeportocarrero.com\/?page_id=28\"},{\"@type\":\"ListItem\",\"position\":3,\"name\":\"Geograf\u00eda e Historia.\"}]},{\"@type\":\"WebSite\",\"@id\":\"https:\/\/iessoldeportocarrero.com\/#website\",\"url\":\"https:\/\/iessoldeportocarrero.com\/\",\"name\":\"IES SOL DE PORTOCARRERO - LA LABORAL\",\"description\":\"INSTITUTO DE EDUCACI\u00d3N SECUNDARIA Y FORMACI\u00d3N PROFESIONAL\",\"potentialAction\":[{\"@type\":\"SearchAction\",\"target\":{\"@type\":\"EntryPoint\",\"urlTemplate\":\"https:\/\/iessoldeportocarrero.com\/?s={search_term_string}\"},\"query-input\":\"required name=search_term_string\"}],\"inLanguage\":\"es\"}]}<\/script>\n<!-- \/ Yoast SEO plugin. -->","yoast_head_json":{"title":"Geograf\u00eda e Historia. - IES SOL DE PORTOCARRERO - LA LABORAL","robots":{"index":"index","follow":"follow","max-snippet":"max-snippet:-1","max-image-preview":"max-image-preview:large","max-video-preview":"max-video-preview:-1"},"canonical":"https:\/\/iessoldeportocarrero.com\/?page_id=109","og_locale":"es_ES","og_type":"article","og_title":"Geograf\u00eda e Historia. - IES SOL DE PORTOCARRERO - LA LABORAL","og_description":"El conocimiento de la sociedad, su organizaci\u00f3n y funcionamiento a lo largo del tiempo es esencial para poder entender el mundo actual. Conocer el espacio donde se desarrollan las sociedades, los recursos naturales y el uso que se ha dado Leer m\u00e1s...","og_url":"https:\/\/iessoldeportocarrero.com\/?page_id=109","og_site_name":"IES SOL DE PORTOCARRERO - LA LABORAL","article_modified_time":"2024-11-24T22:29:33+00:00","og_image":[{"url":"https:\/\/iessoldeportocarrero.com\/wp-content\/uploads\/2023\/05\/istockphoto-154063991-612x612-1.jpg"}],"twitter_card":"summary_large_image","twitter_misc":{"Tiempo de lectura":"1 minuto"},"schema":{"@context":"https:\/\/schema.org","@graph":[{"@type":"WebPage","@id":"https:\/\/iessoldeportocarrero.com\/?page_id=109","url":"https:\/\/iessoldeportocarrero.com\/?page_id=109","name":"Geograf\u00eda e Historia. - IES SOL DE PORTOCARRERO - LA LABORAL","isPartOf":{"@id":"https:\/\/iessoldeportocarrero.com\/#website"},"datePublished":"2022-11-10T10:42:59+00:00","dateModified":"2024-11-24T22:29:33+00:00","breadcrumb":{"@id":"https:\/\/iessoldeportocarrero.com\/?page_id=109#breadcrumb"},"inLanguage":"es","potentialAction":[{"@type":"ReadAction","target":["https:\/\/iessoldeportocarrero.com\/?page_id=109"]}]},{"@type":"BreadcrumbList","@id":"https:\/\/iessoldeportocarrero.com\/?page_id=109#breadcrumb","itemListElement":[{"@type":"ListItem","position":1,"name":"Home","item":"https:\/\/iessoldeportocarrero.com\/"},{"@type":"ListItem","position":2,"name":"DEPARTAMENTOS","item":"https:\/\/iessoldeportocarrero.com\/?page_id=28"},{"@type":"ListItem","position":3,"name":"Geograf\u00eda e Historia."}]},{"@type":"WebSite","@id":"https:\/\/iessoldeportocarrero.com\/#website","url":"https:\/\/iessoldeportocarrero.com\/","name":"IES SOL DE PORTOCARRERO - LA LABORAL","description":"INSTITUTO DE EDUCACI\u00d3N SECUNDARIA Y FORMACI\u00d3N PROFESIONAL","potentialAction":[{"@type":"SearchAction","target":{"@type":"EntryPoint","urlTemplate":"https:\/\/iessoldeportocarrero.com\/?s={search_term_string}"},"query-input":"required name=search_term_string"}],"inLanguage":"es"}]}},"jetpack_sharing_enabled":true,"jetpack-related-posts":[],"_links":{"self":[{"href":"https:\/\/iessoldeportocarrero.com\/index.php?rest_route=\/wp\/v2\/pages\/109","targetHints":{"allow":["GET"]}}],"collection":[{"href":"https:\/\/iessoldeportocarrero.com\/index.php?rest_route=\/wp\/v2\/pages"}],"about":[{"href":"https:\/\/iessoldeportocarrero.com\/index.php?rest_route=\/wp\/v2\/types\/page"}],"author":[{"embeddable":true,"href":"https:\/\/iessoldeportocarrero.com\/index.php?rest_route=\/wp\/v2\/users\/1"}],"replies":[{"embeddable":true,"href":"https:\/\/iessoldeportocarrero.com\/index.php?rest_route=%2Fwp%2Fv2%2Fcomments&post=109"}],"version-history":[{"count":6,"href":"https:\/\/iessoldeportocarrero.com\/index.php?rest_route=\/wp\/v2\/pages\/109\/revisions"}],"predecessor-version":[{"id":2856,"href":"https:\/\/iessoldeportocarrero.com\/index.php?rest_route=\/wp\/v2\/pages\/109\/revisions\/2856"}],"up":[{"embeddable":true,"href":"https:\/\/iessoldeportocarrero.com\/index.php?rest_route=\/wp\/v2\/pages\/28"}],"wp:attachment":[{"href":"https:\/\/iessoldeportocarrero.com\/index.php?rest_route=%2Fwp%2Fv2%2Fmedia&parent=109"}],"curies":[{"name":"wp","href":"https:\/\/api.w.org\/{rel}","templated":true}]}}